{"id":5757,"date":"2025-11-26T12:52:49","date_gmt":"2025-11-26T11:52:49","guid":{"rendered":"https:\/\/mikrosystem.pl\/?page_id=5757"},"modified":"2026-01-26T17:02:07","modified_gmt":"2026-01-26T16:02:07","slug":"uzyskanie-uprawnien-od-zewnetrznych-podmiotow-np-linii-lotniczych-pkp-itd-do-wystawiania-e-faktur-w-ich-imieniu","status":"publish","type":"page","link":"https:\/\/mikrosystem.pl\/index.php\/pomoc\/ksef\/uzyskanie-uprawnien-od-zewnetrznych-podmiotow-np-linii-lotniczych-pkp-itd-do-wystawiania-e-faktur-w-ich-imieniu","title":{"rendered":"Uzyskanie uprawnie\u0144 od zewn\u0119trznych podmiot\u00f3w (np. linii lotniczych, PKP, itd.) do wystawiania e-Faktur w ich imieniu"},"content":{"rendered":"\n<p><\/p>\n\n\n\n<p>Na dzi\u015b (26 listopada 2025), wiemy na pewno, \u017ce do KSeF wysy\u0142ane b\u0119d\u0105 faktury wystawione w imieniu PLL LOT i PKP IC. Obaj przewo\u017anicy wybrali przy tym r\u00f3\u017cne sposoby implementacji mechanizmu przesy\u0142ania faktur wystawionych w ich imieniu do KSeF.<\/p>\n\n\n\n<h2 class=\"wp-block-heading\">Przesy\u0142anie do KSeF faktur wystawionych w imieniu PLL LOT<\/h2>\n\n\n\n<p>Przesy\u0142anie do KSeF faktur wystawionych w imieniu PLL LOT wymaga uzyskania od LOT uprawnienia do wystawiania faktur w KSeF. Uprawnienia te LOT nadaje agentom w Module Certyfikat\u00f3w i Uprawnie\u0144 KSeF.<\/p>\n\n\n\n<p>Uprawnienia nadawane s\u0105 podmiotowi prawnemu albo osobie fizycznej i wyb\u00f3r ten zale\u017cy od tego, w jaki spos\u00f3b biuro podr\u00f3\u017cy b\u0119d\u0105ce agentem PLL LOT uwierzytelnia si\u0119 w KSeF. Osoby prawne (czyli np.: sp\u00f3\u0142ki) uwierzytelniaj\u0105 si\u0119 swoim numerem NIP, natomiast osoby fizyczne: numerem PESEL. W zale\u017cno\u015bci od tego, jakiej formy uwierzytelnienia w KSeF u\u017cywasz, powiniene\u015b\/powinna\u015b poda\u0107 PLL LOT jeden z tych dw\u00f3ch identyfikator\u00f3w.<\/p>\n\n\n\n<p><\/p>\n\n\n\n<h3 class=\"wp-block-heading\">Jak sprawdzi\u0107, kt\u00f3ry identyfikator (NIP czy PESEL) nale\u017cy poda\u0107 PLL LOT w celu nadania uprawnie\u0144 do wystawiania faktur?<\/h3>\n\n\n\n<p>eKNF, wysy\u0142aj\u0105c faktury biur podr\u00f3\u017cy do KSeF, pos\u0142uguje si\u0119 certyfikatami wygenerowanymi przez biura i za\u0142adowanymi do eKNF. W zale\u017cno\u015bci od tego, jak biuro podr\u00f3\u017cy uwierzytelni\u0142o si\u0119 w KSeF generuj\u0105c te certyfikaty, b\u0119dzie w nich podany NIP biura, albo PESEL osoby fizycznej reprezentuj\u0105cej biuro. I to w\u0142a\u015bnie ten widniej\u0105cy na certyfikacie identyfikator nale\u017cy poda\u0107 PLL LOT do nadania biuru podr\u00f3\u017cy stosownych uprawnie\u0144.<\/p>\n\n\n\n<pre class=\"wp-block-preformatted\"><strong>Uwaga<\/strong> <strong>1<\/strong>: udost\u0119pniaj\u0105c innym sw\u00f3j numer PESEL r\u00f3b to ostro\u017cnie: najlepiej upewnij si\u0119, \u017ce jest on zastrze\u017cony (mo\u017cna to zrobi\u0107 np. w aplikacji <a href=\"https:\/\/info.mobywatel.gov.pl\/\" data-type=\"link\" data-id=\"https:\/\/info.mobywatel.gov.pl\/\"><strong>mObywatel<\/strong><\/a>)<br><br><strong>Uwaga 2<\/strong>: (26 stycznia 2026): Mamy ju\u017c przetestowan\u0105 \u015bcie\u017ck\u0119 nadawania przez LOT uprawnie\u0144 na NIP, kt\u00f3ra dzia\u0142a r\u00f3wnie\u017c w przypadku certyfikat\u00f3w wytworzonych na PESEL. Wymaga ona po stronie LOT dodatkowego uprawnienia do 'dalszego przekazywania uprawnie\u0144', a po stronie Agenta: nadania uprawnie\u0144 na PESEL (ten z certyfikatu) do pracy na rzecz klienta (czyli LOTu). <br><a href=\"https:\/\/mikrosystem.pl\/index.php\/pomoc\/ksef\/nadawanie-biurom-podrozy-uprawnien-do-wystawiania-faktur-w-ksef-przez-linie-lotnicze\/nadawanie-uprawnien-do-wystawiania-faktur-w-ksef-w-kontekscie-linii-lotniczej-dla-certyfikatow-wydanych-na-pesel\" data-type=\"page\" data-id=\"5886\"><strong>Wi\u0119cej na ten temat w tym linku.<\/strong><\/a><br><\/pre>\n\n\n\n<p>Spos\u00f3b generowania certyfikat\u00f3w na potrzeby eKNF opisali\u015bmy w <a href=\"https:\/\/mikrosystem.pl\/index.php\/pomoc\/ksef\/utworzenie-certyfikatow-do-uwierzytelniania-sie-w-ksef-i-wystawiania-e-faktur\" data-type=\"page\" data-id=\"5740\"><strong>poprzednim rozdziale<\/strong><\/a>. Je\u015bli wykona\u0142e\u015b\/wykona\u0142a\u015b ju\u017c ten krok, mo\u017cesz sprawdzi\u0107, kt\u00f3ry identyfikator zosta\u0142 tam zaszyty: NIP czy PESEL.<\/p>\n\n\n\n<p>Wejd\u017a do katalogu, w kt\u00f3rym zapisane zosta\u0142y utworzone certyfikaty i kliknij dwukrotnie na jeden z plik\u00f3w z rozszerzeniem .crt<br>Potwierd\u017a ch\u0119\u0107 otwarcia pliku.<\/p>\n\n\n\n<figure class=\"wp-block-image size-full\"><img loading=\"lazy\" decoding=\"async\" width=\"970\" height=\"756\" src=\"https:\/\/mikrosystem.pl\/mikrosystem_www\/wp-content\/uploads\/2025\/11\/image-21.png\" alt=\"\" class=\"wp-image-5761\" srcset=\"https:\/\/mikrosystem.pl\/mikrosystem_www\/wp-content\/uploads\/2025\/11\/image-21.png 970w, https:\/\/mikrosystem.pl\/mikrosystem_www\/wp-content\/uploads\/2025\/11\/image-21-300x234.png 300w, https:\/\/mikrosystem.pl\/mikrosystem_www\/wp-content\/uploads\/2025\/11\/image-21-768x599.png 768w\" sizes=\"auto, (max-width: 970px) 100vw, 970px\" \/><\/figure>\n\n\n\n<p>Przejd\u017a do zak\u0142adki Details (Szczeg\u00f3\u0142y) i wybierz pole Subject. <br>W tym polu jest zapisany identyfikator u\u017cyty do tworzenia certyfikatu:<\/p>\n\n\n\n<figure class=\"wp-block-image size-full\"><img loading=\"lazy\" decoding=\"async\" width=\"970\" height=\"756\" src=\"https:\/\/mikrosystem.pl\/mikrosystem_www\/wp-content\/uploads\/2025\/11\/image-20.png\" alt=\"\" class=\"wp-image-5760\" srcset=\"https:\/\/mikrosystem.pl\/mikrosystem_www\/wp-content\/uploads\/2025\/11\/image-20.png 970w, https:\/\/mikrosystem.pl\/mikrosystem_www\/wp-content\/uploads\/2025\/11\/image-20-300x234.png 300w, https:\/\/mikrosystem.pl\/mikrosystem_www\/wp-content\/uploads\/2025\/11\/image-20-768x599.png 768w\" sizes=\"auto, (max-width: 970px) 100vw, 970px\" \/><\/figure>\n\n\n\n<p>Ten identyfikator (czyli: podany tam NIP albo PESEL) nale\u017cy przekaza\u0107 do PLL LOT celem nadania biuru podr\u00f3\u017cy uprawnie\u0144 do wystawiania faktur w KSeF<\/p>\n\n\n\n<p><\/p>\n\n\n\n<h2 class=\"wp-block-heading\">Przesy\u0142anie do KSeF faktur wystawionych w imieniu PKP IC<\/h2>\n\n\n\n<p>PKP IC udost\u0119pni\u0142o w\u0142asn\u0105 bramk\u0119 KSeF s\u0142u\u017c\u0105c\u0105 do przesy\u0142ania faktur wystawionych w ich imieniu. Integracja z t\u0105 bramk\u0105 le\u017cy po naszej stronie (czyli: po stronie systemu eKNF). Dost\u0119p do bramki KSeF wymaga jednak od biura podr\u00f3\u017cy uzyskania danych dost\u0119powych. <br><strong>Wa\u017cne:<\/strong> Je\u017celi jeste\u015b agentem PKP IC i chcesz, \u017ceby eKNF przesy\u0142a\u0142 do PKP IC faktury wystawione w ich imieniu, skontaktuj si\u0119 z PKP i popro\u015b o dost\u0119p do bramki KSeF poprzez interfejs API. Otrzymane dane logowania przeka\u017c nam w celu skonfigurowania dost\u0119pu.<\/p>\n","protected":false},"excerpt":{"rendered":"<p>Na dzi\u015b (26 listopada 2025), wiemy na pewno, \u017ce do KSeF wysy\u0142ane b\u0119d\u0105 faktury wystawione w imieniu PLL LOT i PKP IC. Obaj przewo\u017anicy wybrali przy tym r\u00f3\u017cne sposoby implementacji mechanizmu przesy\u0142ania faktur wystawionych w ich imieniu do KSeF. Przesy\u0142anie do KSeF faktur wystawionych w imieniu PLL LOT Przesy\u0142anie do KSeF faktur wystawionych w imieniu &#8230; <a title=\"Uzyskanie uprawnie\u0144 od zewn\u0119trznych podmiot\u00f3w (np. linii lotniczych, PKP, itd.) do wystawiania e-Faktur w ich imieniu\" class=\"read-more\" href=\"https:\/\/mikrosystem.pl\/index.php\/pomoc\/ksef\/uzyskanie-uprawnien-od-zewnetrznych-podmiotow-np-linii-lotniczych-pkp-itd-do-wystawiania-e-faktur-w-ich-imieniu\" aria-label=\"Dowiedz si\u0119 wi\u0119cej o Uzyskanie uprawnie\u0144 od zewn\u0119trznych podmiot\u00f3w (np. linii lotniczych, PKP, itd.) do wystawiania e-Faktur w ich imieniu\">Read more<\/a><\/p>\n","protected":false},"author":5,"featured_media":0,"parent":5455,"menu_order":0,"comment_status":"closed","ping_status":"closed","template":"","meta":{"generate_page_header":"","footnotes":""},"class_list":{"0":"post-5757","1":"page","2":"type-page","3":"status-publish","5":"infinite-scroll-item"},"_links":{"self":[{"href":"https:\/\/mikrosystem.pl\/index.php\/wp-json\/wp\/v2\/pages\/5757","targetHints":{"allow":["GET"]}}],"collection":[{"href":"https:\/\/mikrosystem.pl\/index.php\/wp-json\/wp\/v2\/pages"}],"about":[{"href":"https:\/\/mikrosystem.pl\/index.php\/wp-json\/wp\/v2\/types\/page"}],"author":[{"embeddable":true,"href":"https:\/\/mikrosystem.pl\/index.php\/wp-json\/wp\/v2\/users\/5"}],"replies":[{"embeddable":true,"href":"https:\/\/mikrosystem.pl\/index.php\/wp-json\/wp\/v2\/comments?post=5757"}],"version-history":[{"count":4,"href":"https:\/\/mikrosystem.pl\/index.php\/wp-json\/wp\/v2\/pages\/5757\/revisions"}],"predecessor-version":[{"id":5918,"href":"https:\/\/mikrosystem.pl\/index.php\/wp-json\/wp\/v2\/pages\/5757\/revisions\/5918"}],"up":[{"embeddable":true,"href":"https:\/\/mikrosystem.pl\/index.php\/wp-json\/wp\/v2\/pages\/5455"}],"wp:attachment":[{"href":"https:\/\/mikrosystem.pl\/index.php\/wp-json\/wp\/v2\/media?parent=5757"}],"curies":[{"name":"wp","href":"https:\/\/api.w.org\/{rel}","templated":true}]}}