{"id":4338,"date":"2019-07-29T14:11:44","date_gmt":"2019-07-29T12:11:44","guid":{"rendered":"http:\/\/mikrosystem.pl\/?page_id=4338"},"modified":"2019-07-29T14:15:42","modified_gmt":"2019-07-29T12:15:42","slug":"konfiguracja-ukladu-kolumn-w-gems-desktopie","status":"publish","type":"page","link":"https:\/\/mikrosystem.pl\/index.php\/pomoc\/eknf-instrukcja-obslugi\/eksport-danych-do-gems\/konfiguracja-ukladu-kolumn-w-gems-desktopie","title":{"rendered":"Konfiguracja uk\u0142adu kolumn w GEMS desktopie"},"content":{"rendered":"\n<p>Domy\u015blnie w GEMS desktopie widoczne s\u0105 wszystkie kolumny wszystkich tabel &#8211; w uk\u0142adzie zgodnym ze specyfikacj\u0105 GEMS. Na potrzeby szybkiego przegl\u0105dania i weryfikacji danych mo\u017cna jednak zdefiniowa\u0107 w\u0142asne uk\u0142ady kolumn w ka\u017cdej tabeli. S\u0142u\u017cy do tego narz\u0119dzie Konfiguracja widoku, dost\u0119pne na zielonym pasku w GEMS desktopie:<\/p>\n\n\n\n<figure class=\"wp-block-image\"><img loading=\"lazy\" decoding=\"async\" width=\"1024\" height=\"758\" src=\"https:\/\/mikrosystem.pl\/mikrosystem_www\/wp-content\/uploads\/2019\/07\/Centrum_Danych_GEMSDesktop_002791-1024x758.png\" alt=\"\" class=\"wp-image-4339\" srcset=\"https:\/\/mikrosystem.pl\/mikrosystem_www\/wp-content\/uploads\/2019\/07\/Centrum_Danych_GEMSDesktop_002791-1024x758.png 1024w, https:\/\/mikrosystem.pl\/mikrosystem_www\/wp-content\/uploads\/2019\/07\/Centrum_Danych_GEMSDesktop_002791-300x222.png 300w, https:\/\/mikrosystem.pl\/mikrosystem_www\/wp-content\/uploads\/2019\/07\/Centrum_Danych_GEMSDesktop_002791-768x568.png 768w, https:\/\/mikrosystem.pl\/mikrosystem_www\/wp-content\/uploads\/2019\/07\/Centrum_Danych_GEMSDesktop_002791.png 1201w\" sizes=\"auto, (max-width: 1024px) 100vw, 1024px\" \/><\/figure>\n\n\n\n<p>Skonfigurowane w ten spos\u00f3b uk\u0142ady kolumn mo\u017cna zapisa\u0107 i ustawi\u0107 jako &#8216;widok domy\u015blny&#8217; co oznacza, \u017ce przy ka\u017cdym kolejnym wej\u015bciu do GEMS desktopu ten zdefiniowany uk\u0142ad b\u0119dzie u\u017cywany domy\u015blnie. W ka\u017cdej chwili mo\u017cna te\u017c prze\u0142\u0105cza\u0107 si\u0119 mi\u0119dzy w\u0142asnym widokiem, a pe\u0142nym uk\u0142adem kolumn.<\/p>\n\n\n\n<figure class=\"wp-block-image\"><img loading=\"lazy\" decoding=\"async\" width=\"1024\" height=\"766\" src=\"https:\/\/mikrosystem.pl\/mikrosystem_www\/wp-content\/uploads\/2019\/07\/Centrum_Danych_GEMSDesktop_002792-1024x766.png\" alt=\"\" class=\"wp-image-4340\" srcset=\"https:\/\/mikrosystem.pl\/mikrosystem_www\/wp-content\/uploads\/2019\/07\/Centrum_Danych_GEMSDesktop_002792-1024x766.png 1024w, https:\/\/mikrosystem.pl\/mikrosystem_www\/wp-content\/uploads\/2019\/07\/Centrum_Danych_GEMSDesktop_002792-300x224.png 300w, https:\/\/mikrosystem.pl\/mikrosystem_www\/wp-content\/uploads\/2019\/07\/Centrum_Danych_GEMSDesktop_002792-768x574.png 768w, https:\/\/mikrosystem.pl\/mikrosystem_www\/wp-content\/uploads\/2019\/07\/Centrum_Danych_GEMSDesktop_002792.png 1209w\" sizes=\"auto, (max-width: 1024px) 100vw, 1024px\" \/><\/figure>\n","protected":false},"excerpt":{"rendered":"<p>Domy\u015blnie w GEMS desktopie widoczne s\u0105 wszystkie kolumny wszystkich tabel &#8211; w uk\u0142adzie zgodnym ze specyfikacj\u0105 GEMS. Na potrzeby szybkiego przegl\u0105dania i weryfikacji danych mo\u017cna jednak zdefiniowa\u0107 w\u0142asne uk\u0142ady kolumn w ka\u017cdej tabeli. S\u0142u\u017cy do tego narz\u0119dzie Konfiguracja widoku, dost\u0119pne na zielonym pasku w GEMS desktopie: Skonfigurowane w ten spos\u00f3b uk\u0142ady kolumn mo\u017cna zapisa\u0107 i &#8230; <a title=\"Konfiguracja uk\u0142adu kolumn w GEMS desktopie\" class=\"read-more\" href=\"https:\/\/mikrosystem.pl\/index.php\/pomoc\/eknf-instrukcja-obslugi\/eksport-danych-do-gems\/konfiguracja-ukladu-kolumn-w-gems-desktopie\" aria-label=\"Dowiedz si\u0119 wi\u0119cej o Konfiguracja uk\u0142adu kolumn w GEMS desktopie\">Read more<\/a><\/p>\n","protected":false},"author":5,"featured_media":0,"parent":4336,"menu_order":0,"comment_status":"closed","ping_status":"closed","template":"","meta":{"generate_page_header":"","footnotes":""},"class_list":{"0":"post-4338","1":"page","2":"type-page","3":"status-publish","5":"infinite-scroll-item"},"_links":{"self":[{"href":"https:\/\/mikrosystem.pl\/index.php\/wp-json\/wp\/v2\/pages\/4338","targetHints":{"allow":["GET"]}}],"collection":[{"href":"https:\/\/mikrosystem.pl\/index.php\/wp-json\/wp\/v2\/pages"}],"about":[{"href":"https:\/\/mikrosystem.pl\/index.php\/wp-json\/wp\/v2\/types\/page"}],"author":[{"embeddable":true,"href":"https:\/\/mikrosystem.pl\/index.php\/wp-json\/wp\/v2\/users\/5"}],"replies":[{"embeddable":true,"href":"https:\/\/mikrosystem.pl\/index.php\/wp-json\/wp\/v2\/comments?post=4338"}],"version-history":[{"count":1,"href":"https:\/\/mikrosystem.pl\/index.php\/wp-json\/wp\/v2\/pages\/4338\/revisions"}],"predecessor-version":[{"id":4341,"href":"https:\/\/mikrosystem.pl\/index.php\/wp-json\/wp\/v2\/pages\/4338\/revisions\/4341"}],"up":[{"embeddable":true,"href":"https:\/\/mikrosystem.pl\/index.php\/wp-json\/wp\/v2\/pages\/4336"}],"wp:attachment":[{"href":"https:\/\/mikrosystem.pl\/index.php\/wp-json\/wp\/v2\/media?parent=4338"}],"curies":[{"name":"wp","href":"https:\/\/api.w.org\/{rel}","templated":true}]}}