{"id":4070,"date":"2018-10-31T10:57:30","date_gmt":"2018-10-31T09:57:30","guid":{"rendered":"http:\/\/mikrosystem.pl\/?page_id=4070"},"modified":"2026-03-05T11:11:52","modified_gmt":"2026-03-05T10:11:52","slug":"kurs-wymiany-stosowany-w-czasie-wystawiania-faktur-w-walutach-obcych","status":"publish","type":"page","link":"https:\/\/mikrosystem.pl\/index.php\/pomoc\/eknf-instrukcja-obslugi\/fakturowanie\/kurs-wymiany-stosowany-w-czasie-wystawiania-faktur-w-walutach-obcych","title":{"rendered":"Kurs wymiany stosowany w czasie wystawiania faktur w walutach obcych"},"content":{"rendered":"<p><\/p>\n<div>\n<div><strong><em>USTAWA z dnia 11 marca 2004 r. o podatku od towar\u00f3w i us\u0142ug:<\/em><\/strong><\/div>\n<p><em>&#8220;<\/em><strong><em>Art. 31a.<\/em><\/strong><\/p>\n<\/div>\n<div style=\"text-align: justify;\"><em>1. W przypadku gdy kwoty stosowane do okre\u015blenia podstawy opodatkowania s\u0105 okre\u015blone w walucie obcej, <span style=\"text-decoration: underline;\">przeliczenia na z\u0142ote dokonuje si\u0119 wed\u0142ug kursu \u015bredniego danej waluty obcej og\u0142oszonego przez Narodowy Bank Polski na ostatni dzie\u0144 roboczy poprzedzaj\u0105cy dzie\u0144 <\/span><span style=\"text-decoration: underline;\">powstania obowi\u0105zku podatkowego<\/span>. Podatnik mo\u017ce wybra\u0107 spos\u00f3b przeliczania tych kwot na z\u0142ote wed\u0142ug ostatniego kursu wymiany opublikowanego przez Europejski Bank Centralny na ostatni dzie\u0144 poprzedzaj\u0105cy dzie\u0144 powstania obowi\u0105zku podatkowego; w takim przypadku waluty inne ni\u017c euro przelicza si\u0119 z zastosowaniem kursu wymiany ka\u017cdej z nich wzgl\u0119dem euro.<\/em><\/div>\n<div style=\"text-align: justify;\"><\/div>\n<div style=\"text-align: justify;\"><em>2. W przypadku <span style=\"text-decoration: underline;\">gdy podatnik wystawia faktur\u0119 przed powstaniem obowi\u0105zku podatkowego<\/span>, a kwoty stosowane do okre\u015blenia podstawy opodatkowania s\u0105 okre\u015blone na tej fakturze w walucie obcej, <span style=\"text-decoration: underline;\">przeliczenia na z\u0142ote dokonuje si\u0119 wed\u0142ug kursu \u015bredniego danej waluty obcej og\u0142oszonego przez Narodowy Bank Polski na ostatni dzie\u0144 roboczy poprzedzaj\u0105cy dzie\u0144 wystawienia faktury<\/span>.&#8221;<\/em><\/div>\n<div><\/div>\n<div>&#8212;<\/div>\n<div><\/div>\n<div><strong>Zasady przeliczania na z\u0142ote stosowane w eKNF dla faktur koryguj\u0105cych:<\/strong><\/div>\n<div>Faktura koryguj\u0105ca nie dokumentuje nowego zdarzenia gospodarczego, lecz odnosi si\u0119 do stanu zaistnia\u0142ego w przesz\u0142o\u015bci. St\u0105d nale\u017cy uzna\u0107, \u017ce w\u0142a\u015bciwym kursem dla przeliczenia kwot widniej\u0105cych na fakturze koryguj\u0105cej jest kurs waluty, kt\u00f3ry zosta\u0142 wykorzystany na fakturze pierwotnej.<\/div>\n<p><\/p>","protected":false},"excerpt":{"rendered":"<p>USTAWA z dnia 11 marca 2004 r. o podatku od towar\u00f3w i us\u0142ug: &#8220;Art. 31a. 1. W przypadku gdy kwoty stosowane do okre\u015blenia podstawy opodatkowania s\u0105 okre\u015blone w walucie obcej, przeliczenia na z\u0142ote dokonuje si\u0119 wed\u0142ug kursu \u015bredniego danej waluty obcej og\u0142oszonego przez Narodowy Bank Polski na ostatni dzie\u0144 roboczy poprzedzaj\u0105cy dzie\u0144 powstania obowi\u0105zku podatkowego. &#8230; <a title=\"Kurs wymiany stosowany w czasie wystawiania faktur w walutach obcych\" class=\"read-more\" href=\"https:\/\/mikrosystem.pl\/index.php\/pomoc\/eknf-instrukcja-obslugi\/fakturowanie\/kurs-wymiany-stosowany-w-czasie-wystawiania-faktur-w-walutach-obcych\" aria-label=\"Dowiedz si\u0119 wi\u0119cej o Kurs wymiany stosowany w czasie wystawiania faktur w walutach obcych\">Read more<\/a><\/p>\n","protected":false},"author":5,"featured_media":0,"parent":6236,"menu_order":0,"comment_status":"closed","ping_status":"closed","template":"","meta":{"generate_page_header":"","footnotes":""},"class_list":{"0":"post-4070","1":"page","2":"type-page","3":"status-publish","5":"infinite-scroll-item"},"_links":{"self":[{"href":"https:\/\/mikrosystem.pl\/index.php\/wp-json\/wp\/v2\/pages\/4070","targetHints":{"allow":["GET"]}}],"collection":[{"href":"https:\/\/mikrosystem.pl\/index.php\/wp-json\/wp\/v2\/pages"}],"about":[{"href":"https:\/\/mikrosystem.pl\/index.php\/wp-json\/wp\/v2\/types\/page"}],"author":[{"embeddable":true,"href":"https:\/\/mikrosystem.pl\/index.php\/wp-json\/wp\/v2\/users\/5"}],"replies":[{"embeddable":true,"href":"https:\/\/mikrosystem.pl\/index.php\/wp-json\/wp\/v2\/comments?post=4070"}],"version-history":[{"count":7,"href":"https:\/\/mikrosystem.pl\/index.php\/wp-json\/wp\/v2\/pages\/4070\/revisions"}],"predecessor-version":[{"id":6244,"href":"https:\/\/mikrosystem.pl\/index.php\/wp-json\/wp\/v2\/pages\/4070\/revisions\/6244"}],"up":[{"embeddable":true,"href":"https:\/\/mikrosystem.pl\/index.php\/wp-json\/wp\/v2\/pages\/6236"}],"wp:attachment":[{"href":"https:\/\/mikrosystem.pl\/index.php\/wp-json\/wp\/v2\/media?parent=4070"}],"curies":[{"name":"wp","href":"https:\/\/api.w.org\/{rel}","templated":true}]}}