{"id":3841,"date":"2017-12-04T09:06:57","date_gmt":"2017-12-04T08:06:57","guid":{"rendered":"http:\/\/mikrosystem.pl\/?page_id=3841"},"modified":"2018-12-14T11:50:59","modified_gmt":"2018-12-14T10:50:59","slug":"hdesk","status":"publish","type":"page","link":"https:\/\/mikrosystem.pl\/index.php\/pomoc\/eknf-instrukcja-obslugi\/funkcje-administracyjne\/hdesk","title":{"rendered":"HDesk"},"content":{"rendered":"<p><a href=\"https:\/\/mikrosystem.pl\/index.php\/pomoc\/eknf-instrukcja-obslugi\/funkcje-administracyjne\/hdesk\/hdesk-konfiguracja-domyslnych-rejestrow-faktur-dla-roznych-typow-dokumentow\">Konfiguracja domy\u015blnych rejestr\u00f3w faktur dla r\u00f3\u017cnych typ\u00f3w dokument\u00f3w wystawianych w HDesku<\/a><\/p>\n<p><a href=\"https:\/\/mikrosystem.pl\/index.php\/pomoc\/eknf-instrukcja-obslugi\/funkcje-administracyjne\/hdesk\/przypisywanie-pol-dodatkowych-do-podroznych\">Przypisywanie p\u00f3l dodatkowych do podr\u00f3\u017cnych (a nie do ca\u0142ej rezerwacji)<\/a><\/p>\n<p><a href=\"https:\/\/mikrosystem.pl\/index.php\/pomoc\/eknf-instrukcja-obslugi\/funkcje-administracyjne\/hdesk\/zmienne-konfiguracyjne\">Opis i znaczenie wybranych zmiennych konfiguracyjnych, maj\u0105cych wp\u0142yw na dzia\u0142anie HDesku<\/a><\/p>\n<p>&nbsp;<\/p>\n<p>&nbsp;<\/p>","protected":false},"excerpt":{"rendered":"<p>Konfiguracja domy\u015blnych rejestr\u00f3w faktur dla r\u00f3\u017cnych typ\u00f3w dokument\u00f3w wystawianych w HDesku Przypisywanie p\u00f3l dodatkowych do podr\u00f3\u017cnych (a nie do ca\u0142ej rezerwacji) Opis i znaczenie wybranych zmiennych konfiguracyjnych, maj\u0105cych wp\u0142yw na dzia\u0142anie HDesku &nbsp; &nbsp;<\/p>\n","protected":false},"author":5,"featured_media":0,"parent":3838,"menu_order":0,"comment_status":"closed","ping_status":"closed","template":"","meta":{"generate_page_header":"","footnotes":""},"class_list":{"0":"post-3841","1":"page","2":"type-page","3":"status-publish","5":"infinite-scroll-item"},"_links":{"self":[{"href":"https:\/\/mikrosystem.pl\/index.php\/wp-json\/wp\/v2\/pages\/3841","targetHints":{"allow":["GET"]}}],"collection":[{"href":"https:\/\/mikrosystem.pl\/index.php\/wp-json\/wp\/v2\/pages"}],"about":[{"href":"https:\/\/mikrosystem.pl\/index.php\/wp-json\/wp\/v2\/types\/page"}],"author":[{"embeddable":true,"href":"https:\/\/mikrosystem.pl\/index.php\/wp-json\/wp\/v2\/users\/5"}],"replies":[{"embeddable":true,"href":"https:\/\/mikrosystem.pl\/index.php\/wp-json\/wp\/v2\/comments?post=3841"}],"version-history":[{"count":4,"href":"https:\/\/mikrosystem.pl\/index.php\/wp-json\/wp\/v2\/pages\/3841\/revisions"}],"predecessor-version":[{"id":4108,"href":"https:\/\/mikrosystem.pl\/index.php\/wp-json\/wp\/v2\/pages\/3841\/revisions\/4108"}],"up":[{"embeddable":true,"href":"https:\/\/mikrosystem.pl\/index.php\/wp-json\/wp\/v2\/pages\/3838"}],"wp:attachment":[{"href":"https:\/\/mikrosystem.pl\/index.php\/wp-json\/wp\/v2\/media?parent=3841"}],"curies":[{"name":"wp","href":"https:\/\/api.w.org\/{rel}","templated":true}]}}