{"id":3838,"date":"2017-12-04T09:03:20","date_gmt":"2017-12-04T08:03:20","guid":{"rendered":"http:\/\/mikrosystem.pl\/?page_id=3838"},"modified":"2017-12-07T16:03:28","modified_gmt":"2017-12-07T15:03:28","slug":"funkcje-administracyjne","status":"publish","type":"page","link":"https:\/\/mikrosystem.pl\/index.php\/pomoc\/eknf-instrukcja-obslugi\/funkcje-administracyjne","title":{"rendered":"Funkcje Administracyjne"},"content":{"rendered":"<p>&nbsp;<\/p>\n<ul>\n<li><a href=\"https:\/\/mikrosystem.pl\/index.php\/pomoc\/eknf-instrukcja-obslugi\/funkcje-administracyjne\/adesk-2\">ADesk<\/a><\/li>\n<li><a href=\"https:\/\/mikrosystem.pl\/index.php\/pomoc\/eknf-instrukcja-obslugi\/funkcje-administracyjne\/hdesk\">HDesk<\/a><\/li>\n<li>MDesk<\/li>\n<li>RDesk<\/li>\n<li>TDesk<\/li>\n<li><a href=\"\/?page_id=2264\">Tworzenie i zarz\u0105dzanie u\u017cytkownikami<\/a><\/li>\n<li>Edycja uprawnie\u0144 i dost\u0119pu do zasob\u00f3w<\/li>\n<li><a href=\"\/?page_id=2452\">Przesy\u0142anie faktur email&#8217;em &#8211; definiowanie szablon\u00f3w wiadomo\u015bci<\/a><\/li>\n<li><a href=\"\/?page_id=2549\">\u0141\u0105czenie zdublowanych klient\u00f3w<\/a><\/li>\n<\/ul>\n<p><\/p>","protected":false},"excerpt":{"rendered":"<p>&nbsp; ADesk HDesk MDesk RDesk TDesk Tworzenie i zarz\u0105dzanie u\u017cytkownikami Edycja uprawnie\u0144 i dost\u0119pu do zasob\u00f3w Przesy\u0142anie faktur email&#8217;em &#8211; definiowanie szablon\u00f3w wiadomo\u015bci \u0141\u0105czenie zdublowanych klient\u00f3w<\/p>\n","protected":false},"author":5,"featured_media":0,"parent":1802,"menu_order":0,"comment_status":"closed","ping_status":"closed","template":"","meta":{"generate_page_header":"","footnotes":""},"class_list":{"0":"post-3838","1":"page","2":"type-page","3":"status-publish","5":"infinite-scroll-item"},"_links":{"self":[{"href":"https:\/\/mikrosystem.pl\/index.php\/wp-json\/wp\/v2\/pages\/3838","targetHints":{"allow":["GET"]}}],"collection":[{"href":"https:\/\/mikrosystem.pl\/index.php\/wp-json\/wp\/v2\/pages"}],"about":[{"href":"https:\/\/mikrosystem.pl\/index.php\/wp-json\/wp\/v2\/types\/page"}],"author":[{"embeddable":true,"href":"https:\/\/mikrosystem.pl\/index.php\/wp-json\/wp\/v2\/users\/5"}],"replies":[{"embeddable":true,"href":"https:\/\/mikrosystem.pl\/index.php\/wp-json\/wp\/v2\/comments?post=3838"}],"version-history":[{"count":3,"href":"https:\/\/mikrosystem.pl\/index.php\/wp-json\/wp\/v2\/pages\/3838\/revisions"}],"predecessor-version":[{"id":3888,"href":"https:\/\/mikrosystem.pl\/index.php\/wp-json\/wp\/v2\/pages\/3838\/revisions\/3888"}],"up":[{"embeddable":true,"href":"https:\/\/mikrosystem.pl\/index.php\/wp-json\/wp\/v2\/pages\/1802"}],"wp:attachment":[{"href":"https:\/\/mikrosystem.pl\/index.php\/wp-json\/wp\/v2\/media?parent=3838"}],"curies":[{"name":"wp","href":"https:\/\/api.w.org\/{rel}","templated":true}]}}