{"id":3814,"date":"2017-11-02T11:25:27","date_gmt":"2017-11-02T10:25:27","guid":{"rendered":"http:\/\/mikrosystem.pl\/?page_id=3814"},"modified":"2026-03-05T11:16:50","modified_gmt":"2026-03-05T10:16:50","slug":"co-stanowi-podstawe-do-wystawienia-faktury-korygujacej","status":"publish","type":"page","link":"https:\/\/mikrosystem.pl\/index.php\/pomoc\/eknf-instrukcja-obslugi\/fakturowanie\/co-stanowi-podstawe-do-wystawienia-faktury-korygujacej","title":{"rendered":"Co stanowi podstaw\u0119 do wystawienia faktury koryguj\u0105cej?"},"content":{"rendered":"<p>Kwestie korygowania b\u0142\u0119d\u00f3w wyst\u0119puj\u0105cych we fakturach zosta\u0142y \u015bci\u015ble unormowane w przepisach prawa. Wype\u0142niaj\u0105 one tre\u015b\u0107 <a href=\"http:\/\/isap.sejm.gov.pl\/DetailsServlet?id=WDU20040540535\">art.106 j-k ustawy o podatku od towar\u00f3w i us\u0142ug<\/a>.<\/p>\n<p>Zgodnie z nimi <strong>faktur\u0119 koryguj\u0105c\u0105<\/strong> <strong>wystawia si\u0119<\/strong> w przypadku gdy po wystawieniu faktury:<\/p>\n<p>1)\u00a0\u00a0\u00a0 udzielono obni\u017cki ceny w formie rabatu,<\/p>\n<p>2)\u00a0\u00a0\u00a0 udzielono opust\u00f3w i obni\u017cek cen,<\/p>\n<p>3)\u00a0\u00a0\u00a0 dokonano zwrotu podatnikowi towar\u00f3w i opakowa\u0144,<\/p>\n<p>4)\u00a0\u00a0\u00a0 dokonano zwrotu nabywcy ca\u0142o\u015bci lub cz\u0119\u015bci zap\u0142aty,<\/p>\n<p>5)\u00a0\u00a0\u00a0 podwy\u017cszono cen\u0119 lub stwierdzono pomy\u0142k\u0119 w cenie, stawce, kwocie podatku lub w jakiejkolwiek innej pozycji faktury.<\/p>\n<p><strong>Prawo to przys\u0142uguje wy\u0142\u0105cznie przedsi\u0119biorcy sporz\u0105dzaj\u0105cemu faktur\u0119 pierwotn\u0105.<\/strong><\/p>","protected":false},"excerpt":{"rendered":"<p>Kwestie korygowania b\u0142\u0119d\u00f3w wyst\u0119puj\u0105cych we fakturach zosta\u0142y \u015bci\u015ble unormowane w przepisach prawa. Wype\u0142niaj\u0105 one tre\u015b\u0107 art.106 j-k ustawy o podatku od towar\u00f3w i us\u0142ug. Zgodnie z nimi faktur\u0119 koryguj\u0105c\u0105 wystawia si\u0119 w przypadku gdy po wystawieniu faktury: 1)\u00a0\u00a0\u00a0 udzielono obni\u017cki ceny w formie rabatu, 2)\u00a0\u00a0\u00a0 udzielono opust\u00f3w i obni\u017cek cen, 3)\u00a0\u00a0\u00a0 dokonano zwrotu podatnikowi towar\u00f3w &#8230; <a title=\"Co stanowi podstaw\u0119 do wystawienia faktury koryguj\u0105cej?\" class=\"read-more\" href=\"https:\/\/mikrosystem.pl\/index.php\/pomoc\/eknf-instrukcja-obslugi\/fakturowanie\/co-stanowi-podstawe-do-wystawienia-faktury-korygujacej\" aria-label=\"Dowiedz si\u0119 wi\u0119cej o Co stanowi podstaw\u0119 do wystawienia faktury koryguj\u0105cej?\">Read more<\/a><\/p>\n","protected":false},"author":5,"featured_media":0,"parent":6236,"menu_order":0,"comment_status":"closed","ping_status":"closed","template":"","meta":{"generate_page_header":"","footnotes":""},"class_list":{"0":"post-3814","1":"page","2":"type-page","3":"status-publish","5":"infinite-scroll-item"},"_links":{"self":[{"href":"https:\/\/mikrosystem.pl\/index.php\/wp-json\/wp\/v2\/pages\/3814","targetHints":{"allow":["GET"]}}],"collection":[{"href":"https:\/\/mikrosystem.pl\/index.php\/wp-json\/wp\/v2\/pages"}],"about":[{"href":"https:\/\/mikrosystem.pl\/index.php\/wp-json\/wp\/v2\/types\/page"}],"author":[{"embeddable":true,"href":"https:\/\/mikrosystem.pl\/index.php\/wp-json\/wp\/v2\/users\/5"}],"replies":[{"embeddable":true,"href":"https:\/\/mikrosystem.pl\/index.php\/wp-json\/wp\/v2\/comments?post=3814"}],"version-history":[{"count":2,"href":"https:\/\/mikrosystem.pl\/index.php\/wp-json\/wp\/v2\/pages\/3814\/revisions"}],"predecessor-version":[{"id":6245,"href":"https:\/\/mikrosystem.pl\/index.php\/wp-json\/wp\/v2\/pages\/3814\/revisions\/6245"}],"up":[{"embeddable":true,"href":"https:\/\/mikrosystem.pl\/index.php\/wp-json\/wp\/v2\/pages\/6236"}],"wp:attachment":[{"href":"https:\/\/mikrosystem.pl\/index.php\/wp-json\/wp\/v2\/media?parent=3814"}],"curies":[{"name":"wp","href":"https:\/\/api.w.org\/{rel}","templated":true}]}}