{"id":3765,"date":"2017-05-31T17:16:51","date_gmt":"2017-05-31T15:16:51","guid":{"rendered":"http:\/\/mikrosystem.pl\/?page_id=3765"},"modified":"2017-05-31T17:25:44","modified_gmt":"2017-05-31T15:25:44","slug":"rdesk-automatyczne-wystawianie-obu-faktur-za-bilety-i-za-oplaty","status":"publish","type":"page","link":"https:\/\/mikrosystem.pl\/index.php\/pomoc\/eknf-instrukcja-obslugi\/eknf-glowne-okno-programu\/rdesk\/rdesk-automatyczne-wystawianie-obu-faktur-za-bilety-i-za-oplaty","title":{"rendered":"RDesk &#8211; automatyczne wystawianie obu faktur: za bilety i za op\u0142aty"},"content":{"rendered":"<p>W przypadku sprzeda\u017cy agencyjnej w imieniu i na rzecz PKP IC mo\u017cliwe jest wystawienie jednym klikni\u0119ciem dw\u00f3ch faktur: jednej za bilety, i drugiej za op\u0142aty. Aby to zrobi\u0107, nale\u017cy:<\/p>\n<p style=\"padding-left: 30px;\">1. zaznaczy\u0107 bilety<br \/>\n2. na g\u00f3rnym menu klikn\u0105\u0107 na [Faktura]<br \/>\n3. wybra\u0107 typ Bilety i Op\u0142aty<br \/>\n4. klikn\u0105\u0107 na [Utw\u00f3rz faktur\u0119] (spowoduje to wystawienie obu dokument\u00f3w jednocze\u015bnie)<\/p>\n<p><a href=\"https:\/\/mikrosystem.pl\/mikrosystem_www\/wp-content\/uploads\/2017\/05\/RDesk-faktury-na-bilet-i-oplate-001258.png\"><img loading=\"lazy\" decoding=\"async\" class=\"size-large wp-image-3766 aligncenter\" src=\"https:\/\/mikrosystem.pl\/mikrosystem_www\/wp-content\/uploads\/2017\/05\/RDesk-faktury-na-bilet-i-oplate-001258-1024x448.png\" alt=\"\" width=\"1024\" height=\"448\" srcset=\"https:\/\/mikrosystem.pl\/mikrosystem_www\/wp-content\/uploads\/2017\/05\/RDesk-faktury-na-bilet-i-oplate-001258-1024x448.png 1024w, https:\/\/mikrosystem.pl\/mikrosystem_www\/wp-content\/uploads\/2017\/05\/RDesk-faktury-na-bilet-i-oplate-001258-300x131.png 300w, https:\/\/mikrosystem.pl\/mikrosystem_www\/wp-content\/uploads\/2017\/05\/RDesk-faktury-na-bilet-i-oplate-001258-768x336.png 768w, https:\/\/mikrosystem.pl\/mikrosystem_www\/wp-content\/uploads\/2017\/05\/RDesk-faktury-na-bilet-i-oplate-001258.png 1145w\" sizes=\"auto, (max-width: 1024px) 100vw, 1024px\" \/><\/a><\/p>\n<p><strong>Uwaga:<\/strong> nie nale\u017cy w tym trybie u\u017cywa\u0107 klawisza [Utw\u00f3rz faktur\u0119 do edycji], poniewa\u017c spowoduje on wystawienie tylko jednego dokumentu: faktury za bilety.<\/p>\n<p>Po wystawieniu numery obu wystawionych dokument\u00f3w widoczne s\u0105 przy bilecie:<\/p>\n<p><a href=\"https:\/\/mikrosystem.pl\/mikrosystem_www\/wp-content\/uploads\/2017\/05\/RDesk-faktury-na-bilet-i-oplate-001259.png\"><img loading=\"lazy\" decoding=\"async\" class=\"size-large wp-image-3768 aligncenter\" src=\"https:\/\/mikrosystem.pl\/mikrosystem_www\/wp-content\/uploads\/2017\/05\/RDesk-faktury-na-bilet-i-oplate-001259-1024x328.png\" alt=\"\" width=\"1024\" height=\"328\" srcset=\"https:\/\/mikrosystem.pl\/mikrosystem_www\/wp-content\/uploads\/2017\/05\/RDesk-faktury-na-bilet-i-oplate-001259-1024x328.png 1024w, https:\/\/mikrosystem.pl\/mikrosystem_www\/wp-content\/uploads\/2017\/05\/RDesk-faktury-na-bilet-i-oplate-001259-300x96.png 300w, https:\/\/mikrosystem.pl\/mikrosystem_www\/wp-content\/uploads\/2017\/05\/RDesk-faktury-na-bilet-i-oplate-001259-768x246.png 768w, https:\/\/mikrosystem.pl\/mikrosystem_www\/wp-content\/uploads\/2017\/05\/RDesk-faktury-na-bilet-i-oplate-001259.png 1342w\" sizes=\"auto, (max-width: 1024px) 100vw, 1024px\" \/><\/a><\/p>\n<p>RDesk umo\u017cliwia te\u017c wysy\u0142k\u0119 obu faktur, oraz bilet\u00f3w PKP, bezpo\u015brednio z eKNF do kontrahenta.<br \/>\nAby to zrobi\u0107, nale\u017cy:<\/p>\n<p style=\"padding-left: 30px;\">1. klikn\u0105\u0107 prawym klawiszem myszy na dany bilet<br \/>\n2. wybra\u0107 z menu: Panel wydruku<br \/>\n3. zaznaczy\u0107 w Panelu dokumenty, kt\u00f3re maj\u0105 by\u0107 wys\u0142ane (domy\u015blnie b\u0119d\u0105 to obie faktury i wszystkie widoczne na nich bilety)<br \/>\n4. wys\u0142a\u0107 komplet dokument\u00f3w do klienta klikaj\u0105c na [Wy\u015blij e-mail z za\u0142\u0105cznikiem]<\/p>\n<p><a href=\"https:\/\/mikrosystem.pl\/mikrosystem_www\/wp-content\/uploads\/2017\/05\/RDesk-faktury-na-bilet-i-oplate-panel_wydruku-001258.png\"><img loading=\"lazy\" decoding=\"async\" class=\"size-full wp-image-3767 aligncenter\" src=\"https:\/\/mikrosystem.pl\/mikrosystem_www\/wp-content\/uploads\/2017\/05\/RDesk-faktury-na-bilet-i-oplate-panel_wydruku-001258.png\" alt=\"\" width=\"1013\" height=\"742\" srcset=\"https:\/\/mikrosystem.pl\/mikrosystem_www\/wp-content\/uploads\/2017\/05\/RDesk-faktury-na-bilet-i-oplate-panel_wydruku-001258.png 1013w, https:\/\/mikrosystem.pl\/mikrosystem_www\/wp-content\/uploads\/2017\/05\/RDesk-faktury-na-bilet-i-oplate-panel_wydruku-001258-300x220.png 300w, https:\/\/mikrosystem.pl\/mikrosystem_www\/wp-content\/uploads\/2017\/05\/RDesk-faktury-na-bilet-i-oplate-panel_wydruku-001258-768x563.png 768w\" sizes=\"auto, (max-width: 1013px) 100vw, 1013px\" \/><\/a><\/p>\n<p><strong>Uwaga:<\/strong> w tym trybie nie nale\u017cy u\u017cywa\u0107 polecenia [Wy\u015blij e-mail z linkiem], bowiem spowoduje ono wys\u0142anie tylko pierwszej faktury bez towarzysz\u0105cych jej bilet\u00f3w<\/p>\n<p>&nbsp;<\/p>\n<p>&nbsp;<\/p>","protected":false},"excerpt":{"rendered":"<p>W przypadku sprzeda\u017cy agencyjnej w imieniu i na rzecz PKP IC mo\u017cliwe jest wystawienie jednym klikni\u0119ciem dw\u00f3ch faktur: jednej za bilety, i drugiej za op\u0142aty. Aby to zrobi\u0107, nale\u017cy: 1. zaznaczy\u0107 bilety 2. na g\u00f3rnym menu klikn\u0105\u0107 na [Faktura] 3. wybra\u0107 typ Bilety i Op\u0142aty 4. klikn\u0105\u0107 na [Utw\u00f3rz faktur\u0119] (spowoduje to wystawienie obu dokument\u00f3w &#8230; <a title=\"RDesk &#8211; automatyczne wystawianie obu faktur: za bilety i za op\u0142aty\" class=\"read-more\" href=\"https:\/\/mikrosystem.pl\/index.php\/pomoc\/eknf-instrukcja-obslugi\/eknf-glowne-okno-programu\/rdesk\/rdesk-automatyczne-wystawianie-obu-faktur-za-bilety-i-za-oplaty\" aria-label=\"Dowiedz si\u0119 wi\u0119cej o RDesk &#8211; automatyczne wystawianie obu faktur: za bilety i za op\u0142aty\">Read more<\/a><\/p>\n","protected":false},"author":5,"featured_media":0,"parent":1929,"menu_order":0,"comment_status":"closed","ping_status":"closed","template":"","meta":{"generate_page_header":"","footnotes":""},"class_list":{"0":"post-3765","1":"page","2":"type-page","3":"status-publish","5":"infinite-scroll-item"},"_links":{"self":[{"href":"https:\/\/mikrosystem.pl\/index.php\/wp-json\/wp\/v2\/pages\/3765","targetHints":{"allow":["GET"]}}],"collection":[{"href":"https:\/\/mikrosystem.pl\/index.php\/wp-json\/wp\/v2\/pages"}],"about":[{"href":"https:\/\/mikrosystem.pl\/index.php\/wp-json\/wp\/v2\/types\/page"}],"author":[{"embeddable":true,"href":"https:\/\/mikrosystem.pl\/index.php\/wp-json\/wp\/v2\/users\/5"}],"replies":[{"embeddable":true,"href":"https:\/\/mikrosystem.pl\/index.php\/wp-json\/wp\/v2\/comments?post=3765"}],"version-history":[{"count":3,"href":"https:\/\/mikrosystem.pl\/index.php\/wp-json\/wp\/v2\/pages\/3765\/revisions"}],"predecessor-version":[{"id":3772,"href":"https:\/\/mikrosystem.pl\/index.php\/wp-json\/wp\/v2\/pages\/3765\/revisions\/3772"}],"up":[{"embeddable":true,"href":"https:\/\/mikrosystem.pl\/index.php\/wp-json\/wp\/v2\/pages\/1929"}],"wp:attachment":[{"href":"https:\/\/mikrosystem.pl\/index.php\/wp-json\/wp\/v2\/media?parent=3765"}],"curies":[{"name":"wp","href":"https:\/\/api.w.org\/{rel}","templated":true}]}}