{"id":3588,"date":"2016-07-28T17:12:44","date_gmt":"2016-07-28T15:12:44","guid":{"rendered":"http:\/\/mikrosystem.pl\/?page_id=3588"},"modified":"2016-07-29T11:44:26","modified_gmt":"2016-07-29T09:44:26","slug":"generowanie-rejestru-faktur-wystawionych-w-imieniu-i-na-rzecz-pll-lot","status":"publish","type":"page","link":"https:\/\/mikrosystem.pl\/index.php\/nowosci\/eksport-danych-do-zewnetrznych-systemow\/generowanie-rejestru-faktur-wystawionych-w-imieniu-i-na-rzecz-pll-lot","title":{"rendered":"Generowanie rejestru faktur wystawionych w imieniu i na rzecz PLL LOT"},"content":{"rendered":"<p>Zgodnie z wymaganiami PLL LOT, agenci IATA wystawiaj\u0105cy bilety w imieniu i na rzecz PLL LOT s\u0105 zobowi\u0105zani do generowania i przesy\u0142ania do LOTu rejestru faktur wystawionych w imieniu i na rzecz LOT. eKNF jest przystosowany do generowania rejestru w formacie wymaganym przez LOT.<\/p>\n<p>W celu wygenerowania rejestru:<\/p>\n<p>1. Przejd\u017a do: Centrum Danych -&gt; Report Desktop<\/p>\n<p><a href=\"https:\/\/mikrosystem.pl\/mikrosystem_www\/wp-content\/uploads\/2016\/07\/ReportDesktop_Rejestr_faktur_dla_LOT_000723.png\"><img loading=\"lazy\" decoding=\"async\" class=\"size-full wp-image-3591 aligncenter\" src=\"https:\/\/mikrosystem.pl\/mikrosystem_www\/wp-content\/uploads\/2016\/07\/ReportDesktop_Rejestr_faktur_dla_LOT_000723.png\" alt=\"ReportDesktop_Rejestr_faktur_dla_LOT_000723\" width=\"1237\" height=\"803\" srcset=\"https:\/\/mikrosystem.pl\/mikrosystem_www\/wp-content\/uploads\/2016\/07\/ReportDesktop_Rejestr_faktur_dla_LOT_000723.png 1237w, https:\/\/mikrosystem.pl\/mikrosystem_www\/wp-content\/uploads\/2016\/07\/ReportDesktop_Rejestr_faktur_dla_LOT_000723-300x195.png 300w, https:\/\/mikrosystem.pl\/mikrosystem_www\/wp-content\/uploads\/2016\/07\/ReportDesktop_Rejestr_faktur_dla_LOT_000723-768x499.png 768w, https:\/\/mikrosystem.pl\/mikrosystem_www\/wp-content\/uploads\/2016\/07\/ReportDesktop_Rejestr_faktur_dla_LOT_000723-1024x665.png 1024w\" sizes=\"auto, (max-width: 1237px) 100vw, 1237px\" \/><\/a><\/p>\n<p>2. Kliknij na [Ustaw parametry], podaj zakres dat do raportu, a nast\u0119pnie kliknij [Generuj raport]<\/p>\n<p><a href=\"https:\/\/mikrosystem.pl\/mikrosystem_www\/wp-content\/uploads\/2016\/07\/ReportDesktop_Rejestr_faktur_dla_LOT_000724.png\"><img loading=\"lazy\" decoding=\"async\" class=\"size-full wp-image-3590 aligncenter\" src=\"https:\/\/mikrosystem.pl\/mikrosystem_www\/wp-content\/uploads\/2016\/07\/ReportDesktop_Rejestr_faktur_dla_LOT_000724.png\" alt=\"ReportDesktop_Rejestr_faktur_dla_LOT_000724\" width=\"1237\" height=\"803\" srcset=\"https:\/\/mikrosystem.pl\/mikrosystem_www\/wp-content\/uploads\/2016\/07\/ReportDesktop_Rejestr_faktur_dla_LOT_000724.png 1237w, https:\/\/mikrosystem.pl\/mikrosystem_www\/wp-content\/uploads\/2016\/07\/ReportDesktop_Rejestr_faktur_dla_LOT_000724-300x195.png 300w, https:\/\/mikrosystem.pl\/mikrosystem_www\/wp-content\/uploads\/2016\/07\/ReportDesktop_Rejestr_faktur_dla_LOT_000724-768x499.png 768w, https:\/\/mikrosystem.pl\/mikrosystem_www\/wp-content\/uploads\/2016\/07\/ReportDesktop_Rejestr_faktur_dla_LOT_000724-1024x665.png 1024w\" sizes=\"auto, (max-width: 1237px) 100vw, 1237px\" \/><\/a><\/p>\n<p>3. Po wygenerowaniu raportu jest on dost\u0119pny do pobrania. Kliknij na klawisz [Pobierz plik XLS] aby go pobra\u0107.<\/p>\n<p><a href=\"https:\/\/mikrosystem.pl\/mikrosystem_www\/wp-content\/uploads\/2016\/07\/ReportDesktop_Rejestr_faktur_dla_LOT_000725.png\"><img loading=\"lazy\" decoding=\"async\" class=\"size-full wp-image-3589 aligncenter\" src=\"https:\/\/mikrosystem.pl\/mikrosystem_www\/wp-content\/uploads\/2016\/07\/ReportDesktop_Rejestr_faktur_dla_LOT_000725.png\" alt=\"ReportDesktop_Rejestr_faktur_dla_LOT_000725\" width=\"1237\" height=\"803\" srcset=\"https:\/\/mikrosystem.pl\/mikrosystem_www\/wp-content\/uploads\/2016\/07\/ReportDesktop_Rejestr_faktur_dla_LOT_000725.png 1237w, https:\/\/mikrosystem.pl\/mikrosystem_www\/wp-content\/uploads\/2016\/07\/ReportDesktop_Rejestr_faktur_dla_LOT_000725-300x195.png 300w, https:\/\/mikrosystem.pl\/mikrosystem_www\/wp-content\/uploads\/2016\/07\/ReportDesktop_Rejestr_faktur_dla_LOT_000725-768x499.png 768w, https:\/\/mikrosystem.pl\/mikrosystem_www\/wp-content\/uploads\/2016\/07\/ReportDesktop_Rejestr_faktur_dla_LOT_000725-1024x665.png 1024w\" sizes=\"auto, (max-width: 1237px) 100vw, 1237px\" \/><\/a><\/p>\n<p>Raport w szablonie wymaganym przez LOT zostanie pobrany i otwarty jako arkusz kalkulacyjny, lub zapisany na dysku<\/p>\n<p><a href=\"https:\/\/mikrosystem.pl\/mikrosystem_www\/wp-content\/uploads\/2016\/07\/Rejestr_faktur_dla_LOT_20160728_5261001484_6320833_1.xlsx_LibreOffice_Calc_000726.png\"><img loading=\"lazy\" decoding=\"async\" class=\"size-full wp-image-3592 aligncenter\" src=\"https:\/\/mikrosystem.pl\/mikrosystem_www\/wp-content\/uploads\/2016\/07\/Rejestr_faktur_dla_LOT_20160728_5261001484_6320833_1.xlsx_LibreOffice_Calc_000726.png\" alt=\"Rejestr_faktur_dla_LOT_20160728_5261001484_6320833_1.xlsx_LibreOffice_Calc_000726\" width=\"1637\" height=\"846\" srcset=\"https:\/\/mikrosystem.pl\/mikrosystem_www\/wp-content\/uploads\/2016\/07\/Rejestr_faktur_dla_LOT_20160728_5261001484_6320833_1.xlsx_LibreOffice_Calc_000726.png 1637w, https:\/\/mikrosystem.pl\/mikrosystem_www\/wp-content\/uploads\/2016\/07\/Rejestr_faktur_dla_LOT_20160728_5261001484_6320833_1.xlsx_LibreOffice_Calc_000726-300x155.png 300w, https:\/\/mikrosystem.pl\/mikrosystem_www\/wp-content\/uploads\/2016\/07\/Rejestr_faktur_dla_LOT_20160728_5261001484_6320833_1.xlsx_LibreOffice_Calc_000726-768x397.png 768w, https:\/\/mikrosystem.pl\/mikrosystem_www\/wp-content\/uploads\/2016\/07\/Rejestr_faktur_dla_LOT_20160728_5261001484_6320833_1.xlsx_LibreOffice_Calc_000726-1024x529.png 1024w\" sizes=\"auto, (max-width: 1637px) 100vw, 1637px\" \/><\/a><\/p>","protected":false},"excerpt":{"rendered":"<p>Zgodnie z wymaganiami PLL LOT, agenci IATA wystawiaj\u0105cy bilety w imieniu i na rzecz PLL LOT s\u0105 zobowi\u0105zani do generowania i przesy\u0142ania do LOTu rejestru faktur wystawionych w imieniu i na rzecz LOT. eKNF jest przystosowany do generowania rejestru w formacie wymaganym przez LOT. W celu wygenerowania rejestru: 1. Przejd\u017a do: Centrum Danych -&gt; Report &#8230; <a title=\"Generowanie rejestru faktur wystawionych w imieniu i na rzecz PLL LOT\" class=\"read-more\" href=\"https:\/\/mikrosystem.pl\/index.php\/nowosci\/eksport-danych-do-zewnetrznych-systemow\/generowanie-rejestru-faktur-wystawionych-w-imieniu-i-na-rzecz-pll-lot\" aria-label=\"Dowiedz si\u0119 wi\u0119cej o Generowanie rejestru faktur wystawionych w imieniu i na rzecz PLL LOT\">Read more<\/a><\/p>\n","protected":false},"author":5,"featured_media":0,"parent":3586,"menu_order":0,"comment_status":"closed","ping_status":"closed","template":"","meta":{"generate_page_header":"","footnotes":""},"class_list":{"0":"post-3588","1":"page","2":"type-page","3":"status-publish","5":"infinite-scroll-item"},"_links":{"self":[{"href":"https:\/\/mikrosystem.pl\/index.php\/wp-json\/wp\/v2\/pages\/3588","targetHints":{"allow":["GET"]}}],"collection":[{"href":"https:\/\/mikrosystem.pl\/index.php\/wp-json\/wp\/v2\/pages"}],"about":[{"href":"https:\/\/mikrosystem.pl\/index.php\/wp-json\/wp\/v2\/types\/page"}],"author":[{"embeddable":true,"href":"https:\/\/mikrosystem.pl\/index.php\/wp-json\/wp\/v2\/users\/5"}],"replies":[{"embeddable":true,"href":"https:\/\/mikrosystem.pl\/index.php\/wp-json\/wp\/v2\/comments?post=3588"}],"version-history":[{"count":3,"href":"https:\/\/mikrosystem.pl\/index.php\/wp-json\/wp\/v2\/pages\/3588\/revisions"}],"predecessor-version":[{"id":3601,"href":"https:\/\/mikrosystem.pl\/index.php\/wp-json\/wp\/v2\/pages\/3588\/revisions\/3601"}],"up":[{"embeddable":true,"href":"https:\/\/mikrosystem.pl\/index.php\/wp-json\/wp\/v2\/pages\/3586"}],"wp:attachment":[{"href":"https:\/\/mikrosystem.pl\/index.php\/wp-json\/wp\/v2\/media?parent=3588"}],"curies":[{"name":"wp","href":"https:\/\/api.w.org\/{rel}","templated":true}]}}