{"id":3523,"date":"2016-06-06T12:32:36","date_gmt":"2016-06-06T10:32:36","guid":{"rendered":"http:\/\/mikrosystem.pl\/?page_id=3523"},"modified":"2016-07-28T17:21:57","modified_gmt":"2016-07-28T15:21:57","slug":"eksport-danych-do-lufthansa-air-plus","status":"publish","type":"page","link":"https:\/\/mikrosystem.pl\/index.php\/nowosci\/eksport-danych-do-zewnetrznych-systemow\/eksport-danych-do-lufthansa-air-plus","title":{"rendered":"Eksport Danych do Lufthansa Air Plus"},"content":{"rendered":"<p><\/p>\n<p style=\"text-align: justify;\">Przejd\u017a do Centrum Danych, i wybierz AirPlus Desktop:<\/p>\n<p style=\"text-align: justify;\"><a href=\"https:\/\/mikrosystem.pl\/mikrosystem_www\/wp-content\/uploads\/2016\/06\/Centrum_Danych_AirPlus_Desktop000577.png\"><img loading=\"lazy\" decoding=\"async\" class=\"size-full wp-image-3524 aligncenter\" src=\"https:\/\/mikrosystem.pl\/mikrosystem_www\/wp-content\/uploads\/2016\/06\/Centrum_Danych_AirPlus_Desktop000577.png\" alt=\"Centrum_Danych_AirPlus_Desktop000577\" width=\"1484\" height=\"915\" srcset=\"https:\/\/mikrosystem.pl\/mikrosystem_www\/wp-content\/uploads\/2016\/06\/Centrum_Danych_AirPlus_Desktop000577.png 1484w, https:\/\/mikrosystem.pl\/mikrosystem_www\/wp-content\/uploads\/2016\/06\/Centrum_Danych_AirPlus_Desktop000577-300x185.png 300w, https:\/\/mikrosystem.pl\/mikrosystem_www\/wp-content\/uploads\/2016\/06\/Centrum_Danych_AirPlus_Desktop000577-768x474.png 768w, https:\/\/mikrosystem.pl\/mikrosystem_www\/wp-content\/uploads\/2016\/06\/Centrum_Danych_AirPlus_Desktop000577-1024x631.png 1024w\" sizes=\"auto, (max-width: 1484px) 100vw, 1484px\" \/><\/a><\/p>\n<p style=\"text-align: justify;\">Aby wyeksportowa\u0107 pojedyncz\u0105 faktur\u0119, wprowad\u017a jej dok\u0142adny numer, okre\u015bl obejmuj\u0105cy j\u0105 zakres dat, i kliknij na [Wygeneruj pliki].<\/p>\n<p style=\"text-align: justify;\">Eksport spowoduje wygenerowanie dw\u00f3ch plik\u00f3w tekstowych, kt\u00f3re nale\u017cy pobra\u0107, klikaj\u0105c na ich nazwy (BSP_RECORD&#8230;\u00a0 i MA_RECORD&#8230;), a nast\u0119pnie wys\u0142a\u0107 mailem na adres wskazany przez Lufthansa Air Plus.<\/p>\n<p style=\"text-align: justify;\"><a href=\"https:\/\/mikrosystem.pl\/mikrosystem_www\/wp-content\/uploads\/2016\/06\/Centrum_Danych_AirplusDesktop_000578.png\"><img loading=\"lazy\" decoding=\"async\" class=\"alignright size-full wp-image-3525\" src=\"https:\/\/mikrosystem.pl\/mikrosystem_www\/wp-content\/uploads\/2016\/06\/Centrum_Danych_AirplusDesktop_000578.png\" alt=\"Centrum_Danych_AirplusDesktop_000578\" width=\"1607\" height=\"744\" srcset=\"https:\/\/mikrosystem.pl\/mikrosystem_www\/wp-content\/uploads\/2016\/06\/Centrum_Danych_AirplusDesktop_000578.png 1607w, https:\/\/mikrosystem.pl\/mikrosystem_www\/wp-content\/uploads\/2016\/06\/Centrum_Danych_AirplusDesktop_000578-300x139.png 300w, https:\/\/mikrosystem.pl\/mikrosystem_www\/wp-content\/uploads\/2016\/06\/Centrum_Danych_AirplusDesktop_000578-768x356.png 768w, https:\/\/mikrosystem.pl\/mikrosystem_www\/wp-content\/uploads\/2016\/06\/Centrum_Danych_AirplusDesktop_000578-1024x474.png 1024w\" sizes=\"auto, (max-width: 1607px) 100vw, 1607px\" \/><\/a><\/p>\n<p><\/p>","protected":false},"excerpt":{"rendered":"<p>Przejd\u017a do Centrum Danych, i wybierz AirPlus Desktop: Aby wyeksportowa\u0107 pojedyncz\u0105 faktur\u0119, wprowad\u017a jej dok\u0142adny numer, okre\u015bl obejmuj\u0105cy j\u0105 zakres dat, i kliknij na [Wygeneruj pliki]. Eksport spowoduje wygenerowanie dw\u00f3ch plik\u00f3w tekstowych, kt\u00f3re nale\u017cy pobra\u0107, klikaj\u0105c na ich nazwy (BSP_RECORD&#8230;\u00a0 i MA_RECORD&#8230;), a nast\u0119pnie wys\u0142a\u0107 mailem na adres wskazany przez Lufthansa Air Plus.<\/p>\n","protected":false},"author":5,"featured_media":0,"parent":3586,"menu_order":0,"comment_status":"closed","ping_status":"closed","template":"","meta":{"generate_page_header":"","footnotes":""},"class_list":{"0":"post-3523","1":"page","2":"type-page","3":"status-publish","5":"infinite-scroll-item"},"_links":{"self":[{"href":"https:\/\/mikrosystem.pl\/index.php\/wp-json\/wp\/v2\/pages\/3523","targetHints":{"allow":["GET"]}}],"collection":[{"href":"https:\/\/mikrosystem.pl\/index.php\/wp-json\/wp\/v2\/pages"}],"about":[{"href":"https:\/\/mikrosystem.pl\/index.php\/wp-json\/wp\/v2\/types\/page"}],"author":[{"embeddable":true,"href":"https:\/\/mikrosystem.pl\/index.php\/wp-json\/wp\/v2\/users\/5"}],"replies":[{"embeddable":true,"href":"https:\/\/mikrosystem.pl\/index.php\/wp-json\/wp\/v2\/comments?post=3523"}],"version-history":[{"count":1,"href":"https:\/\/mikrosystem.pl\/index.php\/wp-json\/wp\/v2\/pages\/3523\/revisions"}],"predecessor-version":[{"id":3526,"href":"https:\/\/mikrosystem.pl\/index.php\/wp-json\/wp\/v2\/pages\/3523\/revisions\/3526"}],"up":[{"embeddable":true,"href":"https:\/\/mikrosystem.pl\/index.php\/wp-json\/wp\/v2\/pages\/3586"}],"wp:attachment":[{"href":"https:\/\/mikrosystem.pl\/index.php\/wp-json\/wp\/v2\/media?parent=3523"}],"curies":[{"name":"wp","href":"https:\/\/api.w.org\/{rel}","templated":true}]}}