{"id":3345,"date":"2016-01-29T10:47:03","date_gmt":"2016-01-29T09:47:03","guid":{"rendered":"http:\/\/mikrosystem.pl\/?page_id=3345"},"modified":"2016-01-29T11:04:58","modified_gmt":"2016-01-29T10:04:58","slug":"edycja-profilu-uzytkownika","status":"publish","type":"page","link":"https:\/\/mikrosystem.pl\/index.php\/pomoc\/eknf-instrukcja-obslugi\/edycja-profilu-uzytkownika","title":{"rendered":"Edycja profilu u\u017cytkownika"},"content":{"rendered":"<p><\/p>\n<p style=\"text-align: justify;\">Profil u\u017cytkownika zawiera jego podstawowe dane, i preferencje dotycz\u0105ce dzia\u0142ania eKNF. Ka\u017cdy u\u017cytkownik mo\u017ce edytowa\u0107 sw\u00f3j profil. Aby to zrobi\u0107, nale\u017cy klikn\u0105\u0107 na szary trybik znajduj\u0105cy si\u0119 w g\u00f3rnym (najwy\u017cszym) pasku menu.<\/p>\n<p style=\"text-align: justify;\"><a href=\"https:\/\/mikrosystem.pl\/mikrosystem_www\/wp-content\/uploads\/2016\/01\/Uzytkownik_000330.png\" rel=\"attachment wp-att-3349\"><img loading=\"lazy\" decoding=\"async\" class=\"size-full wp-image-3349 aligncenter\" src=\"https:\/\/mikrosystem.pl\/mikrosystem_www\/wp-content\/uploads\/2016\/01\/Uzytkownik_000330.png\" alt=\"Uzytkownik_000330\" width=\"1103\" height=\"126\" srcset=\"https:\/\/mikrosystem.pl\/mikrosystem_www\/wp-content\/uploads\/2016\/01\/Uzytkownik_000330.png 1103w, https:\/\/mikrosystem.pl\/mikrosystem_www\/wp-content\/uploads\/2016\/01\/Uzytkownik_000330-300x34.png 300w, https:\/\/mikrosystem.pl\/mikrosystem_www\/wp-content\/uploads\/2016\/01\/Uzytkownik_000330-768x88.png 768w, https:\/\/mikrosystem.pl\/mikrosystem_www\/wp-content\/uploads\/2016\/01\/Uzytkownik_000330-1024x117.png 1024w\" sizes=\"auto, (max-width: 1103px) 100vw, 1103px\" \/><\/a><\/p>\n<table width=\"100%\" cellspacing=\"0\" cellpadding=\"5\">\n<colgroup>\n<col width=\"128*\" \/>\n<col width=\"128*\" \/> <\/colgroup>\n<tbody>\n<tr valign=\"top\">\n<td width=\"40%\">\n<p style=\"text-align: justify;\"><strong><a href=\"https:\/\/mikrosystem.pl\/mikrosystem_www\/wp-content\/uploads\/2016\/01\/Uzytkownik_000332.png\" rel=\"attachment wp-att-3350\"><img loading=\"lazy\" decoding=\"async\" class=\"size-full wp-image-3350 aligncenter\" src=\"https:\/\/mikrosystem.pl\/mikrosystem_www\/wp-content\/uploads\/2016\/01\/Uzytkownik_000332.png\" alt=\"Uzytkownik_000332\" width=\"551\" height=\"797\" srcset=\"https:\/\/mikrosystem.pl\/mikrosystem_www\/wp-content\/uploads\/2016\/01\/Uzytkownik_000332.png 551w, https:\/\/mikrosystem.pl\/mikrosystem_www\/wp-content\/uploads\/2016\/01\/Uzytkownik_000332-207x300.png 207w\" sizes=\"auto, (max-width: 551px) 100vw, 551px\" \/><\/a><\/strong><\/p>\n<\/td>\n<td width=\"60%\">\n<p style=\"text-align: justify;\">\u00a0<strong>Zmiana has\u0142a:<\/strong> Zaznacz opcj\u0119 &#8216;Zmie\u0144 has\u0142o&#8217;, wprowad\u017a swoje stare has\u0142o, a nast\u0119pnie dwukrotnie wprowad\u017a nowe has\u0142o (w oknie Nowe has\u0142o, i Potwierd\u017a nowe has\u0142o). Na zako\u0144czenie kliknij klawisz [Zapisz] w dolnej cz\u0119\u015bci okna.<\/p>\n<p style=\"text-align: justify;\"><strong>Opis:<\/strong> Imi\u0119 i nazwisko u\u017cytkownika. W opisie mo\u017cna te\u017c doda\u0107 opis stanowiska, lub dane kontaktowe.<br \/>\n<span style=\"text-decoration: underline;\">Uwaga:<\/span> Informacje zawarte w tym polu b\u0119d\u0105 drukowane na dokumentach wystawionych przez u\u017cytkownika.<\/p>\n<p style=\"text-align: justify;\"><strong>Adres e-mail:<\/strong> Adres e-mail \ud83d\ude42<\/p>\n<p style=\"text-align: justify;\"><strong>Dodatkowy akronim:<\/strong> (opcjonalny). W biurach, kt\u00f3re stosuj\u0105 oddzieln\u0105 numeracj\u0119 dokument\u00f3w dla ka\u017cdego u\u017cytkownika, dodatkowy akronim mo\u017ce by\u0107 u\u017cywany w numeracji dokument\u00f3w (format numeracji mo\u017cna np. ustawi\u0107 na: numer\/miesi\u0105c\/rok\/akronim)<\/p>\n<p style=\"text-align: justify;\"><strong>Wy\u015blij kopi\u0119 wiadomo\u015bci r\u00f3wnie\u017c do mnie:<\/strong> Je\u015bli opcja jest aktywna, ka\u017cdy e-mail wysy\u0142any przez u\u017cytkownika z eKNF b\u0119dzie dodatkowo przesy\u0142any r\u00f3wnie\u017c na jego konto e-mail<\/p>\n<p style=\"text-align: justify;\"><strong>AirDesktop: Edytuj zam\u00f3wienie zaraz po jego wystawieniu:<\/strong> Ta opcja powinna by\u0107 zawsze w\u0142\u0105czona.<\/p>\n<p style=\"text-align: justify;\"><strong>Wiadomo\u015bci: Nie pokazuj okna wiadomo\u015bci:<\/strong> Domy\u015blnie eKNF bezpo\u015brednio po zalogowaniu pokazuje okno z nowymi wiadomo\u015bciami. Je\u015bli ta opcja zostanie zaznaczona, okno z nowymi wiadomo\u015bciami nie b\u0119dzie wy\u015bwietlane po zalogowaniu.<\/p>\n<p style=\"text-align: justify;\"><strong>Domy\u015blna ilo\u015b\u0107 kopii:<\/strong> Ilo\u015b\u0107 kopii drukowanych dokument\u00f3w sprzeda\u017cy, kt\u00f3ra b\u0119dzie domy\u015blnie stosowana w panelu wydruku dokument\u00f3w. Liczba 1 oznacza: drukuj domy\u015blnie orygina\u0142 i jedn\u0105 kopi\u0119. Aby drukowa\u0107 lub wysy\u0142a\u0107 domy\u015blnie wy\u0142\u0105cznie orygina\u0142y dokument\u00f3w, ustaw liczb\u0119 kopii na 0 (zero).<\/p>\n<p style=\"text-align: justify;\"><strong>Sortuj rejestry wg.:<\/strong> Spos\u00f3b sortowania listy rejestr\u00f3w w oknach panelu Sprzeda\u017c. Dost\u0119pne opcje to: sortuj wg. opisu rejestru, lub wed\u0142ug oznaczenia rejestru.<\/p>\n<p style=\"text-align: justify;\"><strong>Domy\u015blny rozmiar czcionki:<\/strong> Wielko\u015b\u0107 czcionki stosowanej w eKNF (ten sam efekt sterowania wielko\u015bci\u0105 czcionki mo\u017cna uzyska\u0107 u\u017cywaj\u0105c klawiszy CRTL+ i CTRL- w przegl\u0105darce internetowej<\/p>\n<p style=\"text-align: justify;\"><strong>Domy\u015blny widok:<\/strong> Okno, na kt\u00f3re eKNF b\u0119dzie si\u0119 automatycznie prze\u0142\u0105cza\u0142 po zalogowaniu<\/p>\n<\/td>\n<\/tr>\n<\/tbody>\n<\/table>\n<p><\/p>","protected":false},"excerpt":{"rendered":"<p>Profil u\u017cytkownika zawiera jego podstawowe dane, i preferencje dotycz\u0105ce dzia\u0142ania eKNF. Ka\u017cdy u\u017cytkownik mo\u017ce edytowa\u0107 sw\u00f3j profil. Aby to zrobi\u0107, nale\u017cy klikn\u0105\u0107 na szary trybik znajduj\u0105cy si\u0119 w g\u00f3rnym (najwy\u017cszym) pasku menu. \u00a0Zmiana has\u0142a: Zaznacz opcj\u0119 &#8216;Zmie\u0144 has\u0142o&#8217;, wprowad\u017a swoje stare has\u0142o, a nast\u0119pnie dwukrotnie wprowad\u017a nowe has\u0142o (w oknie Nowe has\u0142o, i Potwierd\u017a nowe &#8230; <a title=\"Edycja profilu u\u017cytkownika\" class=\"read-more\" href=\"https:\/\/mikrosystem.pl\/index.php\/pomoc\/eknf-instrukcja-obslugi\/edycja-profilu-uzytkownika\" aria-label=\"Dowiedz si\u0119 wi\u0119cej o Edycja profilu u\u017cytkownika\">Read more<\/a><\/p>\n","protected":false},"author":5,"featured_media":0,"parent":1802,"menu_order":0,"comment_status":"closed","ping_status":"closed","template":"","meta":{"generate_page_header":"","footnotes":""},"class_list":{"0":"post-3345","1":"page","2":"type-page","3":"status-publish","5":"infinite-scroll-item"},"_links":{"self":[{"href":"https:\/\/mikrosystem.pl\/index.php\/wp-json\/wp\/v2\/pages\/3345","targetHints":{"allow":["GET"]}}],"collection":[{"href":"https:\/\/mikrosystem.pl\/index.php\/wp-json\/wp\/v2\/pages"}],"about":[{"href":"https:\/\/mikrosystem.pl\/index.php\/wp-json\/wp\/v2\/types\/page"}],"author":[{"embeddable":true,"href":"https:\/\/mikrosystem.pl\/index.php\/wp-json\/wp\/v2\/users\/5"}],"replies":[{"embeddable":true,"href":"https:\/\/mikrosystem.pl\/index.php\/wp-json\/wp\/v2\/comments?post=3345"}],"version-history":[{"count":11,"href":"https:\/\/mikrosystem.pl\/index.php\/wp-json\/wp\/v2\/pages\/3345\/revisions"}],"predecessor-version":[{"id":3360,"href":"https:\/\/mikrosystem.pl\/index.php\/wp-json\/wp\/v2\/pages\/3345\/revisions\/3360"}],"up":[{"embeddable":true,"href":"https:\/\/mikrosystem.pl\/index.php\/wp-json\/wp\/v2\/pages\/1802"}],"wp:attachment":[{"href":"https:\/\/mikrosystem.pl\/index.php\/wp-json\/wp\/v2\/media?parent=3345"}],"curies":[{"name":"wp","href":"https:\/\/api.w.org\/{rel}","templated":true}]}}