{"id":3329,"date":"2016-01-25T12:13:33","date_gmt":"2016-01-25T11:13:33","guid":{"rendered":"http:\/\/mikrosystem.pl\/?page_id=3329"},"modified":"2016-01-25T13:26:47","modified_gmt":"2016-01-25T12:26:47","slug":"funkcje-dostepne-w-oknie-tworzenia-i-edycji-faktur","status":"publish","type":"page","link":"https:\/\/mikrosystem.pl\/index.php\/pomoc\/eknf-instrukcja-obslugi\/eknf-glowne-okno-programu\/sprzedaz-tworzenie-i-przegladanie-dokumentow-sprzedazowych\/funkcje-dostepne-w-oknie-tworzenia-i-edycji-faktur","title":{"rendered":"Funkcje dost\u0119pne w oknie tworzenia i edycji faktur"},"content":{"rendered":"<p>Edytor faktur to widok, w kt\u00f3rym przygotowujemy faktur\u0119 do wystawienia b\u0105d\u017a edytujemy istniej\u0105ce dokumenty. Podstawowe funkcje, kt\u00f3re mamy do dyspozycji w czasie edycji faktury, to:<\/p>\n<ul>\n<li>Dodawanie, edycja, i usuwanie pozycji<\/li>\n<li><a href=\"https:\/\/mikrosystem.pl\/index.php\/pomoc\/eknf-instrukcja-obslugi\/eknf-glowne-okno-programu\/sprzedaz-tworzenie-i-przegladanie-dokumentow-sprzedazowych\/dodawanie-edycja-i-usuwanie-pozycji-tekstowych-pol-dodatkowych\">Dodawanie, edycja, i usuwanie pozycji tekstowych (p\u00f3l dodatkowych)<\/a><\/li>\n<li><a href=\"https:\/\/mikrosystem.pl\/index.php\/pomoc\/eknf-instrukcja-obslugi\/eknf-glowne-okno-programu\/sprzedaz-tworzenie-i-przegladanie-dokumentow-sprzedazowych\/edycja-faktury-ukrywanie-i-sterowanie-widocznoscia-wielu-pozycji-danego-typu\">Sterowanie widoczno\u015bci\u0105 poszczeg\u00f3lnych pozycji.<\/a><\/li>\n<li><a href=\"https:\/\/mikrosystem.pl\/index.php\/pomoc\/eknf-instrukcja-obslugi\/dokumenty-sprzedazy-edytowanie-usuwanie-anulowanie-wydruki-przesylanie-mailem\/faktury-w-jezyku-angielskim\">Zmiana wersji j\u0119zykowej faktury (polska, angielska, niemiecka)<\/a><\/li>\n<li>Wprowadzanie informacji o p\u0142atno\u015bciach<\/li>\n<li>Wprowadzanie informacji o formach p\u0142atno\u015bci<\/li>\n<li>Wprowadzanie uwag w stopce faktury<\/li>\n<\/ul>\n<p><a href=\"https:\/\/mikrosystem.pl\/mikrosystem_www\/wp-content\/uploads\/2016\/01\/Dokumenty_sprzeda\u017cy_Okno_edycji_dokumentu_000306.png\" rel=\"attachment wp-att-3330\"><img loading=\"lazy\" decoding=\"async\" class=\"size-full wp-image-3330 aligncenter\" src=\"https:\/\/mikrosystem.pl\/mikrosystem_www\/wp-content\/uploads\/2016\/01\/Dokumenty_sprzeda\u017cy_Okno_edycji_dokumentu_000306.png\" alt=\"Dokumenty_sprzeda\u017cy_Okno_edycji_dokumentu_000306\" width=\"1132\" height=\"914\" srcset=\"https:\/\/mikrosystem.pl\/mikrosystem_www\/wp-content\/uploads\/2016\/01\/Dokumenty_sprzeda\u017cy_Okno_edycji_dokumentu_000306.png 1132w, https:\/\/mikrosystem.pl\/mikrosystem_www\/wp-content\/uploads\/2016\/01\/Dokumenty_sprzeda\u017cy_Okno_edycji_dokumentu_000306-300x242.png 300w, https:\/\/mikrosystem.pl\/mikrosystem_www\/wp-content\/uploads\/2016\/01\/Dokumenty_sprzeda\u017cy_Okno_edycji_dokumentu_000306-768x620.png 768w, https:\/\/mikrosystem.pl\/mikrosystem_www\/wp-content\/uploads\/2016\/01\/Dokumenty_sprzeda\u017cy_Okno_edycji_dokumentu_000306-1024x827.png 1024w\" sizes=\"auto, (max-width: 1132px) 100vw, 1132px\" \/><\/a><\/p>","protected":false},"excerpt":{"rendered":"<p>Edytor faktur to widok, w kt\u00f3rym przygotowujemy faktur\u0119 do wystawienia b\u0105d\u017a edytujemy istniej\u0105ce dokumenty. Podstawowe funkcje, kt\u00f3re mamy do dyspozycji w czasie edycji faktury, to: Dodawanie, edycja, i usuwanie pozycji Dodawanie, edycja, i usuwanie pozycji tekstowych (p\u00f3l dodatkowych) Sterowanie widoczno\u015bci\u0105 poszczeg\u00f3lnych pozycji. Zmiana wersji j\u0119zykowej faktury (polska, angielska, niemiecka) Wprowadzanie informacji o p\u0142atno\u015bciach Wprowadzanie informacji &#8230; <a title=\"Funkcje dost\u0119pne w oknie tworzenia i edycji faktur\" class=\"read-more\" href=\"https:\/\/mikrosystem.pl\/index.php\/pomoc\/eknf-instrukcja-obslugi\/eknf-glowne-okno-programu\/sprzedaz-tworzenie-i-przegladanie-dokumentow-sprzedazowych\/funkcje-dostepne-w-oknie-tworzenia-i-edycji-faktur\" aria-label=\"Dowiedz si\u0119 wi\u0119cej o Funkcje dost\u0119pne w oknie tworzenia i edycji faktur\">Read more<\/a><\/p>\n","protected":false},"author":5,"featured_media":0,"parent":1870,"menu_order":0,"comment_status":"closed","ping_status":"closed","template":"","meta":{"generate_page_header":"","footnotes":""},"class_list":{"0":"post-3329","1":"page","2":"type-page","3":"status-publish","5":"infinite-scroll-item"},"_links":{"self":[{"href":"https:\/\/mikrosystem.pl\/index.php\/wp-json\/wp\/v2\/pages\/3329","targetHints":{"allow":["GET"]}}],"collection":[{"href":"https:\/\/mikrosystem.pl\/index.php\/wp-json\/wp\/v2\/pages"}],"about":[{"href":"https:\/\/mikrosystem.pl\/index.php\/wp-json\/wp\/v2\/types\/page"}],"author":[{"embeddable":true,"href":"https:\/\/mikrosystem.pl\/index.php\/wp-json\/wp\/v2\/users\/5"}],"replies":[{"embeddable":true,"href":"https:\/\/mikrosystem.pl\/index.php\/wp-json\/wp\/v2\/comments?post=3329"}],"version-history":[{"count":4,"href":"https:\/\/mikrosystem.pl\/index.php\/wp-json\/wp\/v2\/pages\/3329\/revisions"}],"predecessor-version":[{"id":3342,"href":"https:\/\/mikrosystem.pl\/index.php\/wp-json\/wp\/v2\/pages\/3329\/revisions\/3342"}],"up":[{"embeddable":true,"href":"https:\/\/mikrosystem.pl\/index.php\/wp-json\/wp\/v2\/pages\/1870"}],"wp:attachment":[{"href":"https:\/\/mikrosystem.pl\/index.php\/wp-json\/wp\/v2\/media?parent=3329"}],"curies":[{"name":"wp","href":"https:\/\/api.w.org\/{rel}","templated":true}]}}