{"id":3225,"date":"2015-12-15T14:11:35","date_gmt":"2015-12-15T13:11:35","guid":{"rendered":"http:\/\/mikrosystem.pl\/?page_id=3225"},"modified":"2019-02-27T19:42:41","modified_gmt":"2019-02-27T18:42:41","slug":"adesk","status":"publish","type":"page","link":"https:\/\/mikrosystem.pl\/index.php\/pomoc\/eknf-instrukcja-obslugi\/eknf-glowne-okno-programu\/adesk","title":{"rendered":"ADesk"},"content":{"rendered":"<p><a href=\"https:\/\/mikrosystem.pl\/mikrosystem_www\/wp-content\/uploads\/2015\/01\/eKNF_main_screen.png\"><img loading=\"lazy\" decoding=\"async\" class=\"size-medium wp-image-1819 alignright\" src=\"https:\/\/mikrosystem.pl\/mikrosystem_www\/wp-content\/uploads\/2015\/01\/eKNF_main_screen-300x152.png\" alt=\"eKNF_main_screen\" width=\"300\" height=\"152\" srcset=\"https:\/\/mikrosystem.pl\/mikrosystem_www\/wp-content\/uploads\/2015\/01\/eKNF_main_screen-300x152.png 300w, https:\/\/mikrosystem.pl\/mikrosystem_www\/wp-content\/uploads\/2015\/01\/eKNF_main_screen-1024x519.png 1024w, https:\/\/mikrosystem.pl\/mikrosystem_www\/wp-content\/uploads\/2015\/01\/eKNF_main_screen.png 1183w\" sizes=\"auto, (max-width: 300px) 100vw, 300px\" \/><\/a>ADesk (Airline Desktop) jest dedykowanym modu\u0142em eKNF do pracy z biletami lotniczymi, ubezpieczeniami, samochodami, i tranferami. Jego najwa\u017cniejsze funkcje, to:<\/p>\n<ul>\n<li style=\"text-align: justify;\">Ewidencjonowanie bilet\u00f3w lotniczych regularnych i tanich linii, oraz ubezpiecze\u0144. W tym:\n<p style=\"padding-left: 60px;\">&#8211; automatyczny import bilet\u00f3w ze wszystkich system\u00f3w GDS<br \/>\n&#8211; <a href=\"https:\/\/mikrosystem.pl\/index.php\/strona\/1662\">import ADM, ACM<\/a>, i zwrot\u00f3w z <a href=\"https:\/\/mikrosystem.pl\/index.php\/pomoc\/eknf-instrukcja-obslugi\/import-danych-z-bsp\">billing\u00f3w BSP<\/a><br \/>\n&#8211; automatyczny odczyt bilet\u00f3w kilkunastu tanich linii<br \/>\n&#8211; automatyczny odczyt rezerwacji i voucher\u00f3w samochodowych<br \/>\n&#8211; automatyczny odczyt transfer\u00f3w i taks\u00f3wek z system\u00f3w GDS<br \/>\n&#8211; <a href=\"https:\/\/mikrosystem.pl\/index.php\/strona\/2052\">import ubezpiecze\u0144 z system\u00f3w GDS<\/a><br \/>\n&#8211; automatyczny <a href=\"https:\/\/mikrosystem.pl\/index.php\/strona\/3132\">odczyt ubezpiecze\u0144 Signal Iduna, AIG, i TU Europa wystawionych poza GDS<\/a><br \/>\n&#8211; mechanizm <a href=\"https:\/\/mikrosystem.pl\/index.php\/strona\/1526\">odczytu i archiwizacji agent coupon\u00f3w<\/a> i innych dokument\u00f3w powi\u0105zanych<br \/>\n&#8211; kontrola kompletno\u015bci danych (pod wzgl\u0119dem wymaga\u0144 klienta)<br \/>\n&#8211; <a href=\"https:\/\/mikrosystem.pl\/index.php\/pomoc\/eknf-instrukcja-obslugi\/eknf-glowne-okno-programu\/adesk\/tworzenie-w-gds-rezerwacji-z-segmentami-ghost-dla-biletow-low-cost\">automatyczne tworzenie w GDS rezerwacji z segmentami &#8216;ghost&#8217; dla bilet\u00f3w low-cost<\/a><\/p>\n<\/li>\n<\/ul>\n<ul>\n<li style=\"text-align: justify;\">Fakturowanie. W tym:\n<p style=\"padding-left: 60px;\">&#8211; fakturowanie <a href=\"https:\/\/mikrosystem.pl\/index.php\/pomoc\/eknf-instrukcja-obslugi\/fakturowanie-biletow-lotniczych-regularnych-i-tanich-linii\">jednostkowe<\/a> lub <a href=\"https:\/\/mikrosystem.pl\/index.php\/pomoc\/eknf-instrukcja-obslugi\/fakturowanie-biletow-lotniczych-regularnych-i-tanich-linii\/fakturowanie-wielu-biletow-lotniczych\">zbiorcze<\/a><br \/>\n&#8211; fakturowanie bilet\u00f3w i op\u0142at transakcyjnych na wsp\u00f3lnej fakturze, lub <a href=\"https:\/\/mikrosystem.pl\/index.php\/pomoc\/eknf-instrukcja-obslugi\/fakturowanie-biletow-lotniczych-i-oplat-serwisowych-na-oddzielnych-dokumentach\">rozdzielnie<\/a><br \/>\n&#8211; automatyczne tworzenie faktur koryguj\u0105cych ze zwrot\u00f3w (na podstawie danych z GDS lub BSP)<br \/>\n&#8211; tworzenie specyfikacji (szczeg\u00f3\u0142owej listy us\u0142ug) do faktur lotniczych, w formatach XLS i PDF<\/p>\n<\/li>\n<\/ul>\n<ul>\n<li style=\"list-style-type: none;\">\n<ul>\n<li style=\"text-align: justify;\">Generowanie i przesy\u0142anie elektronicznej wersji planu podr\u00f3\u017cy<\/li>\n<\/ul>\n<\/li>\n<\/ul>\n<ul>\n<li style=\"list-style-type: none;\">\n<ul>\n<li style=\"text-align: justify;\">Do\u0142\u0105czanie notatek i zlece\u0144 od klient\u00f3w do poszczeg\u00f3lnych bilet\u00f3w<\/li>\n<\/ul>\n<\/li>\n<\/ul>\n<ul>\n<li style=\"list-style-type: none;\">\n<ul>\n<li style=\"text-align: justify;\">Kontakt z podr\u00f3\u017cnym za pomoc\u0105 e-maila lub wiadomo\u015bci SMS<\/li>\n<\/ul>\n<\/li>\n<\/ul>\n<ul>\n<li style=\"text-align: justify;\">Przesy\u0142anie bilet\u00f3w mi\u0119dzy lokalizacjami biura, lub do systemu eKNF u subagenta<\/li>\n<\/ul>\n<p><a href=\"https:\/\/mikrosystem.pl\/index.php\/pomoc\/eknf-instrukcja-obslugi\/eknf-glowne-okno-programu\/adesk\/adesk-oznaczenia-w-kolumnie-status\">Oznaczenia w kolumnie Status modu\u0142u ADesk<\/a><\/p>\n<p><\/p>","protected":false},"excerpt":{"rendered":"<p>ADesk (Airline Desktop) jest dedykowanym modu\u0142em eKNF do pracy z biletami lotniczymi, ubezpieczeniami, samochodami, i tranferami. Jego najwa\u017cniejsze funkcje, to: Ewidencjonowanie bilet\u00f3w lotniczych regularnych i tanich linii, oraz ubezpiecze\u0144. W tym: &#8211; automatyczny import bilet\u00f3w ze wszystkich system\u00f3w GDS &#8211; import ADM, ACM, i zwrot\u00f3w z billing\u00f3w BSP &#8211; automatyczny odczyt bilet\u00f3w kilkunastu tanich linii &#8230; <a title=\"ADesk\" class=\"read-more\" href=\"https:\/\/mikrosystem.pl\/index.php\/pomoc\/eknf-instrukcja-obslugi\/eknf-glowne-okno-programu\/adesk\" aria-label=\"Dowiedz si\u0119 wi\u0119cej o ADesk\">Read more<\/a><\/p>\n","protected":false},"author":5,"featured_media":0,"parent":1818,"menu_order":0,"comment_status":"closed","ping_status":"closed","template":"","meta":{"generate_page_header":"","footnotes":""},"class_list":{"0":"post-3225","1":"page","2":"type-page","3":"status-publish","5":"infinite-scroll-item"},"_links":{"self":[{"href":"https:\/\/mikrosystem.pl\/index.php\/wp-json\/wp\/v2\/pages\/3225","targetHints":{"allow":["GET"]}}],"collection":[{"href":"https:\/\/mikrosystem.pl\/index.php\/wp-json\/wp\/v2\/pages"}],"about":[{"href":"https:\/\/mikrosystem.pl\/index.php\/wp-json\/wp\/v2\/types\/page"}],"author":[{"embeddable":true,"href":"https:\/\/mikrosystem.pl\/index.php\/wp-json\/wp\/v2\/users\/5"}],"replies":[{"embeddable":true,"href":"https:\/\/mikrosystem.pl\/index.php\/wp-json\/wp\/v2\/comments?post=3225"}],"version-history":[{"count":6,"href":"https:\/\/mikrosystem.pl\/index.php\/wp-json\/wp\/v2\/pages\/3225\/revisions"}],"predecessor-version":[{"id":4165,"href":"https:\/\/mikrosystem.pl\/index.php\/wp-json\/wp\/v2\/pages\/3225\/revisions\/4165"}],"up":[{"embeddable":true,"href":"https:\/\/mikrosystem.pl\/index.php\/wp-json\/wp\/v2\/pages\/1818"}],"wp:attachment":[{"href":"https:\/\/mikrosystem.pl\/index.php\/wp-json\/wp\/v2\/media?parent=3225"}],"curies":[{"name":"wp","href":"https:\/\/api.w.org\/{rel}","templated":true}]}}