{"id":3187,"date":"2015-12-03T12:58:02","date_gmt":"2015-12-03T11:58:02","guid":{"rendered":"http:\/\/mikrosystem.pl\/?page_id=3187"},"modified":"2019-02-28T13:27:27","modified_gmt":"2019-02-28T12:27:27","slug":"korekta-faktury","status":"publish","type":"page","link":"https:\/\/mikrosystem.pl\/index.php\/pomoc\/eknf-instrukcja-obslugi\/korekta-faktury","title":{"rendered":"Tworzenie faktur koryguj\u0105cych dla wybranych produkt\u00f3w, i korygowanie faktur zbiorczych wielu produkt\u00f3w"},"content":{"rendered":"<p>eKNF ma kilka mechanizm\u00f3w wystawiania faktur koryguj\u0105cych:<\/p>\n<ol>\n<li><a href=\"https:\/\/mikrosystem.pl\/index.php\/pomoc\/eknf-instrukcja-obslugi\/korekta-faktury\/korygowanie-faktur-z-modulu-adesku\">\u00a0Z modu\u0142u ADesk (dla produkt\u00f3w lotniczych, samochod\u00f3w, ubezpiecze\u0144, transfer\u00f3w)<\/a><\/li>\n<li>\u00a0<a href=\"https:\/\/mikrosystem.pl\/index.php\/pomoc\/eknf-instrukcja-obslugi\/korekta-faktury\/korygowanie-faktury-z-modulu-sprzedaz\">Z modu\u0142u Sprzeda\u017c (wszystkie typy produkt\u00f3w i us\u0142ug)<\/a><\/li>\n<li><a href=\"https:\/\/mikrosystem.pl\/index.php\/pomoc\/eknf-instrukcja-obslugi\/korekta-faktury\/korygowanie-faktur-z-modulu-lista-pozycji-zamowien\">Z modu\u0142u Lista pozycji zam\u00f3wie\u0144 (ten spos\u00f3b jest zalecany przy korygowaniu faktur zbiorczych lub zgrupowanych trwale)<\/a><\/li>\n<\/ol>\n<p><\/p>","protected":false},"excerpt":{"rendered":"<p>eKNF ma kilka mechanizm\u00f3w wystawiania faktur koryguj\u0105cych: \u00a0Z modu\u0142u ADesk (dla produkt\u00f3w lotniczych, samochod\u00f3w, ubezpiecze\u0144, transfer\u00f3w) \u00a0Z modu\u0142u Sprzeda\u017c (wszystkie typy produkt\u00f3w i us\u0142ug) Z modu\u0142u Lista pozycji zam\u00f3wie\u0144 (ten spos\u00f3b jest zalecany przy korygowaniu faktur zbiorczych lub zgrupowanych trwale)<\/p>\n","protected":false},"author":11,"featured_media":0,"parent":1802,"menu_order":0,"comment_status":"closed","ping_status":"closed","template":"","meta":{"generate_page_header":"","footnotes":""},"class_list":{"0":"post-3187","1":"page","2":"type-page","3":"status-publish","5":"infinite-scroll-item"},"_links":{"self":[{"href":"https:\/\/mikrosystem.pl\/index.php\/wp-json\/wp\/v2\/pages\/3187","targetHints":{"allow":["GET"]}}],"collection":[{"href":"https:\/\/mikrosystem.pl\/index.php\/wp-json\/wp\/v2\/pages"}],"about":[{"href":"https:\/\/mikrosystem.pl\/index.php\/wp-json\/wp\/v2\/types\/page"}],"author":[{"embeddable":true,"href":"https:\/\/mikrosystem.pl\/index.php\/wp-json\/wp\/v2\/users\/11"}],"replies":[{"embeddable":true,"href":"https:\/\/mikrosystem.pl\/index.php\/wp-json\/wp\/v2\/comments?post=3187"}],"version-history":[{"count":12,"href":"https:\/\/mikrosystem.pl\/index.php\/wp-json\/wp\/v2\/pages\/3187\/revisions"}],"predecessor-version":[{"id":4193,"href":"https:\/\/mikrosystem.pl\/index.php\/wp-json\/wp\/v2\/pages\/3187\/revisions\/4193"}],"up":[{"embeddable":true,"href":"https:\/\/mikrosystem.pl\/index.php\/wp-json\/wp\/v2\/pages\/1802"}],"wp:attachment":[{"href":"https:\/\/mikrosystem.pl\/index.php\/wp-json\/wp\/v2\/media?parent=3187"}],"curies":[{"name":"wp","href":"https:\/\/api.w.org\/{rel}","templated":true}]}}