{"id":2264,"date":"2015-06-23T15:02:29","date_gmt":"2015-06-23T13:02:29","guid":{"rendered":"http:\/\/mikrosystem.pl\/?page_id=2264"},"modified":"2015-08-27T10:23:35","modified_gmt":"2015-08-27T08:23:35","slug":"edycja-i-zarzadzanie-uzytkownikami","status":"publish","type":"page","link":"https:\/\/mikrosystem.pl\/index.php\/pomoc\/eknf-instrukcja-obslugi\/edycja-i-zarzadzanie-uzytkownikami","title":{"rendered":"Edycja i zarz\u0105dzanie u\u017cytkownikami"},"content":{"rendered":"<p>&nbsp;<\/p>\n<p><a href=\"\/?page_id=2361\">Zarz\u0105dzanie u\u017cytkownikami &#8211; pracownikami biura podr\u00f3\u017cy<\/a><\/p>\n<p><a href=\"\/?page_id=2269\">Zarz\u0105dzanie u\u017cytkownikami zewn\u0119trznymi &#8211; pracownikami klienta<\/a><\/p>\n","protected":false},"excerpt":{"rendered":"<p>&nbsp; Zarz\u0105dzanie u\u017cytkownikami &#8211; pracownikami biura podr\u00f3\u017cy Zarz\u0105dzanie u\u017cytkownikami zewn\u0119trznymi &#8211; pracownikami klienta<\/p>\n","protected":false},"author":5,"featured_media":0,"parent":1802,"menu_order":0,"comment_status":"open","ping_status":"open","template":"faqs.php","meta":{"generate_page_header":"","footnotes":""},"class_list":{"0":"post-2264","1":"page","2":"type-page","3":"status-publish","5":"infinite-scroll-item"},"_links":{"self":[{"href":"https:\/\/mikrosystem.pl\/index.php\/wp-json\/wp\/v2\/pages\/2264","targetHints":{"allow":["GET"]}}],"collection":[{"href":"https:\/\/mikrosystem.pl\/index.php\/wp-json\/wp\/v2\/pages"}],"about":[{"href":"https:\/\/mikrosystem.pl\/index.php\/wp-json\/wp\/v2\/types\/page"}],"author":[{"embeddable":true,"href":"https:\/\/mikrosystem.pl\/index.php\/wp-json\/wp\/v2\/users\/5"}],"replies":[{"embeddable":true,"href":"https:\/\/mikrosystem.pl\/index.php\/wp-json\/wp\/v2\/comments?post=2264"}],"version-history":[{"count":5,"href":"https:\/\/mikrosystem.pl\/index.php\/wp-json\/wp\/v2\/pages\/2264\/revisions"}],"predecessor-version":[{"id":2359,"href":"https:\/\/mikrosystem.pl\/index.php\/wp-json\/wp\/v2\/pages\/2264\/revisions\/2359"}],"up":[{"embeddable":true,"href":"https:\/\/mikrosystem.pl\/index.php\/wp-json\/wp\/v2\/pages\/1802"}],"wp:attachment":[{"href":"https:\/\/mikrosystem.pl\/index.php\/wp-json\/wp\/v2\/media?parent=2264"}],"curies":[{"name":"wp","href":"https:\/\/api.w.org\/{rel}","templated":true}]}}