{"id":2182,"date":"2015-04-28T11:32:15","date_gmt":"2015-04-28T09:32:15","guid":{"rendered":"http:\/\/mikrosystem.pl\/?page_id=2182"},"modified":"2015-04-28T11:32:15","modified_gmt":"2015-04-28T09:32:15","slug":"wczytywanie-biletu-kolejowego-elektronicznego","status":"publish","type":"page","link":"https:\/\/mikrosystem.pl\/index.php\/pomoc\/eknf-instrukcja-obslugi\/eknf-glowne-okno-programu\/rdesk\/wczytywanie-biletu-kolejowego-elektronicznego","title":{"rendered":"Wczytywanie biletu kolejowego elektronicznego"},"content":{"rendered":"<p style=\"text-align: justify;\">eKNF pozwala na automatyczne wprowadzanie bilet\u00f3w kolejowych PKP IC, DB, Przewoz\u00f3w Regionalnych, Interregio, i SNCF. Wprowadzony bilet mo\u017cna nast\u0119pnie umie\u015bci\u0107 w zam\u00f3wieniu, lub zafakturowa\u0107.<\/p>\n<p style=\"text-align: justify;\">Aby wprowadzi\u0107 nowy bilet, otw\u00f3rz plik PDF biletu, zaznacz ca\u0142\u0105 tre\u015b\u0107 (CTRL+A) i skopiuj j\u0105 (CTRL+C):<\/p>\n<p style=\"text-align: justify;\"><a href=\"https:\/\/mikrosystem.pl\/wp-content\/uploads\/2015\/04\/RDesk-eBilet-02.png\"><img loading=\"lazy\" decoding=\"async\" class=\" size-full wp-image-2185 aligncenter\" src=\"https:\/\/mikrosystem.pl\/wp-content\/uploads\/2015\/04\/RDesk-eBilet-02.png\" alt=\"RDesk eBilet 02\" width=\"727\" height=\"421\" srcset=\"https:\/\/mikrosystem.pl\/mikrosystem_www\/wp-content\/uploads\/2015\/04\/RDesk-eBilet-02.png 727w, https:\/\/mikrosystem.pl\/mikrosystem_www\/wp-content\/uploads\/2015\/04\/RDesk-eBilet-02-300x174.png 300w\" sizes=\"auto, (max-width: 727px) 100vw, 727px\" \/><\/a><\/p>\n<p style=\"text-align: justify;\">Nast\u0119pnie przejd\u017a do modu\u0142u RDesk, i kliknij na klawisz [e-Bilet].<\/p>\n<p style=\"text-align: justify;\">\n<p style=\"text-align: justify;\"><a href=\"https:\/\/mikrosystem.pl\/wp-content\/uploads\/2015\/04\/RDesk-eBilet-01.png\"><img loading=\"lazy\" decoding=\"async\" class=\" size-large wp-image-2184 alignnone\" src=\"https:\/\/mikrosystem.pl\/wp-content\/uploads\/2015\/04\/RDesk-eBilet-01-1024x640.png\" alt=\"RDesk eBilet 01\" width=\"1024\" height=\"640\" srcset=\"https:\/\/mikrosystem.pl\/mikrosystem_www\/wp-content\/uploads\/2015\/04\/RDesk-eBilet-01-1024x640.png 1024w, https:\/\/mikrosystem.pl\/mikrosystem_www\/wp-content\/uploads\/2015\/04\/RDesk-eBilet-01-300x188.png 300w, https:\/\/mikrosystem.pl\/mikrosystem_www\/wp-content\/uploads\/2015\/04\/RDesk-eBilet-01.png 1280w\" sizes=\"auto, (max-width: 1024px) 100vw, 1024px\" \/><\/a><\/p>\n<p style=\"text-align: justify;\">Wklej skopiowan\u0105 tre\u015b\u0107 biletu do pustego okna z lewej strony ekranu, wybierz klienta, i kliknij [Zapisz]:<\/p>\n<p style=\"text-align: justify;\"><a href=\"https:\/\/mikrosystem.pl\/wp-content\/uploads\/2015\/04\/RDesk-eBilet-03.png\"><img loading=\"lazy\" decoding=\"async\" class=\" size-large wp-image-2186 aligncenter\" src=\"https:\/\/mikrosystem.pl\/wp-content\/uploads\/2015\/04\/RDesk-eBilet-03-1024x592.png\" alt=\"RDesk eBilet 03\" width=\"1024\" height=\"592\" srcset=\"https:\/\/mikrosystem.pl\/mikrosystem_www\/wp-content\/uploads\/2015\/04\/RDesk-eBilet-03-1024x592.png 1024w, https:\/\/mikrosystem.pl\/mikrosystem_www\/wp-content\/uploads\/2015\/04\/RDesk-eBilet-03-300x173.png 300w, https:\/\/mikrosystem.pl\/mikrosystem_www\/wp-content\/uploads\/2015\/04\/RDesk-eBilet-03.png 1214w\" sizes=\"auto, (max-width: 1024px) 100vw, 1024px\" \/><\/a><br \/>\nTre\u015b\u0107 biletu zostanie odczytana i wy\u015bwietlona w oknie edycji biletu &#8211; do weryfikacji. Je\u015bli klient ma ustawion\u0105 polityk\u0119 op\u0142at transakcyjnych, op\u0142ata za wystawienie biletu naliczy si\u0119 automatycznie.<br \/>\nTak wprowadzony bilet mo\u017cna od razu zafakturowa\u0107, klikaj\u0105c na klawisz [Wystaw faktur\u0119]. Mo\u017cna te\u017c tylko utworzy\u0107 zam\u00f3wienie, albo zapisa\u0107 sam bilet w bazie &#8211; do p\u00f3\u017aniejszego przetwarzania:<\/p>\n<p style=\"text-align: justify;\"><a href=\"https:\/\/mikrosystem.pl\/wp-content\/uploads\/2015\/04\/RDesk-eBilet-04.png\"><img loading=\"lazy\" decoding=\"async\" class=\" size-large wp-image-2187 aligncenter\" src=\"https:\/\/mikrosystem.pl\/wp-content\/uploads\/2015\/04\/RDesk-eBilet-04-1024x589.png\" alt=\"RDesk eBilet 04\" width=\"1024\" height=\"589\" srcset=\"https:\/\/mikrosystem.pl\/mikrosystem_www\/wp-content\/uploads\/2015\/04\/RDesk-eBilet-04-1024x589.png 1024w, https:\/\/mikrosystem.pl\/mikrosystem_www\/wp-content\/uploads\/2015\/04\/RDesk-eBilet-04-300x173.png 300w, https:\/\/mikrosystem.pl\/mikrosystem_www\/wp-content\/uploads\/2015\/04\/RDesk-eBilet-04.png 1217w\" sizes=\"auto, (max-width: 1024px) 100vw, 1024px\" \/><\/a><\/p>\n<p style=\"text-align: justify;\">Po wprowadzeniu biletu w opisany spos\u00f3b b\u0119dzie on widoczny w RDesku na li\u015bcie bilet\u00f3w:<\/p>\n<p style=\"text-align: justify;\"><a href=\"https:\/\/mikrosystem.pl\/wp-content\/uploads\/2015\/04\/RDesk-eBilet-05.png\"><img loading=\"lazy\" decoding=\"async\" class=\" size-large wp-image-2183 aligncenter\" src=\"https:\/\/mikrosystem.pl\/wp-content\/uploads\/2015\/04\/RDesk-eBilet-05-1024x590.png\" alt=\"RDesk eBilet 05\" width=\"1024\" height=\"590\" srcset=\"https:\/\/mikrosystem.pl\/mikrosystem_www\/wp-content\/uploads\/2015\/04\/RDesk-eBilet-05-1024x590.png 1024w, https:\/\/mikrosystem.pl\/mikrosystem_www\/wp-content\/uploads\/2015\/04\/RDesk-eBilet-05-300x173.png 300w, https:\/\/mikrosystem.pl\/mikrosystem_www\/wp-content\/uploads\/2015\/04\/RDesk-eBilet-05.png 1217w\" sizes=\"auto, (max-width: 1024px) 100vw, 1024px\" \/><\/a><\/p>\n","protected":false},"excerpt":{"rendered":"<p>eKNF pozwala na automatyczne wprowadzanie bilet\u00f3w kolejowych PKP IC, DB, Przewoz\u00f3w Regionalnych, Interregio, i SNCF. Wprowadzony bilet mo\u017cna nast\u0119pnie umie\u015bci\u0107 w zam\u00f3wieniu, lub zafakturowa\u0107. Aby wprowadzi\u0107 nowy bilet, otw\u00f3rz plik PDF biletu, zaznacz ca\u0142\u0105 tre\u015b\u0107 (CTRL+A) i skopiuj j\u0105 (CTRL+C): Nast\u0119pnie przejd\u017a do modu\u0142u RDesk, i kliknij na klawisz [e-Bilet]. Wklej skopiowan\u0105 tre\u015b\u0107 biletu do &#8230; <a title=\"Wczytywanie biletu kolejowego elektronicznego\" class=\"read-more\" href=\"https:\/\/mikrosystem.pl\/index.php\/pomoc\/eknf-instrukcja-obslugi\/eknf-glowne-okno-programu\/rdesk\/wczytywanie-biletu-kolejowego-elektronicznego\" aria-label=\"Dowiedz si\u0119 wi\u0119cej o Wczytywanie biletu kolejowego elektronicznego\">Read more<\/a><\/p>\n","protected":false},"author":5,"featured_media":0,"parent":1929,"menu_order":0,"comment_status":"open","ping_status":"open","template":"faqs.php","meta":{"generate_page_header":"","footnotes":""},"class_list":{"0":"post-2182","1":"page","2":"type-page","3":"status-publish","5":"infinite-scroll-item"},"_links":{"self":[{"href":"https:\/\/mikrosystem.pl\/index.php\/wp-json\/wp\/v2\/pages\/2182","targetHints":{"allow":["GET"]}}],"collection":[{"href":"https:\/\/mikrosystem.pl\/index.php\/wp-json\/wp\/v2\/pages"}],"about":[{"href":"https:\/\/mikrosystem.pl\/index.php\/wp-json\/wp\/v2\/types\/page"}],"author":[{"embeddable":true,"href":"https:\/\/mikrosystem.pl\/index.php\/wp-json\/wp\/v2\/users\/5"}],"replies":[{"embeddable":true,"href":"https:\/\/mikrosystem.pl\/index.php\/wp-json\/wp\/v2\/comments?post=2182"}],"version-history":[{"count":2,"href":"https:\/\/mikrosystem.pl\/index.php\/wp-json\/wp\/v2\/pages\/2182\/revisions"}],"predecessor-version":[{"id":2189,"href":"https:\/\/mikrosystem.pl\/index.php\/wp-json\/wp\/v2\/pages\/2182\/revisions\/2189"}],"up":[{"embeddable":true,"href":"https:\/\/mikrosystem.pl\/index.php\/wp-json\/wp\/v2\/pages\/1929"}],"wp:attachment":[{"href":"https:\/\/mikrosystem.pl\/index.php\/wp-json\/wp\/v2\/media?parent=2182"}],"curies":[{"name":"wp","href":"https:\/\/api.w.org\/{rel}","templated":true}]}}