{"id":2124,"date":"2015-03-30T16:38:59","date_gmt":"2015-03-30T14:38:59","guid":{"rendered":"http:\/\/mikrosystem.pl\/?page_id=2124"},"modified":"2015-03-30T16:41:03","modified_gmt":"2015-03-30T14:41:03","slug":"raport-glowne-destynacje-lotnicze-rep_8003","status":"publish","type":"page","link":"https:\/\/mikrosystem.pl\/index.php\/pomoc\/eknf-instrukcja-obslugi\/raport-glowne-destynacje-lotnicze-rep_8003","title":{"rendered":"Raport: G\u0142\u00f3wne destynacje lotnicze (RAP_8003)"},"content":{"rendered":"<p>Raport: G\u0142\u00f3wne destynacje lotnicze (RAP_8003)<\/p>\n<p>\u015acie\u017cka dost\u0119pu: Raporty -&gt;Lotnicze -&gt; G\u0142\u00f3wne destynacje lotnicze<\/p>\n<p>Raport jest dost\u0119pny w wersji tabelarycznej i sformatowanej<br \/>\n<a href=\"https:\/\/mikrosystem.pl\/wp-content\/uploads\/2015\/03\/Raport_G\u0142\u00f3wne_Destynacje_Lotnicze_8003.png\"><img loading=\"lazy\" decoding=\"async\" class=\" size-large wp-image-2125 aligncenter\" src=\"https:\/\/mikrosystem.pl\/wp-content\/uploads\/2015\/03\/Raport_G\u0142\u00f3wne_Destynacje_Lotnicze_8003-1024x566.png\" alt=\"Raport_G\u0142\u00f3wne_Destynacje_Lotnicze_8003\" width=\"1024\" height=\"566\" srcset=\"https:\/\/mikrosystem.pl\/mikrosystem_www\/wp-content\/uploads\/2015\/03\/Raport_G\u0142\u00f3wne_Destynacje_Lotnicze_8003-1024x566.png 1024w, https:\/\/mikrosystem.pl\/mikrosystem_www\/wp-content\/uploads\/2015\/03\/Raport_G\u0142\u00f3wne_Destynacje_Lotnicze_8003-300x166.png 300w, https:\/\/mikrosystem.pl\/mikrosystem_www\/wp-content\/uploads\/2015\/03\/Raport_G\u0142\u00f3wne_Destynacje_Lotnicze_8003.png 1221w\" sizes=\"auto, (max-width: 1024px) 100vw, 1024px\" \/><\/a><\/p>\n<p>&nbsp;<\/p>\n","protected":false},"excerpt":{"rendered":"<p>Raport: G\u0142\u00f3wne destynacje lotnicze (RAP_8003) \u015acie\u017cka dost\u0119pu: Raporty -&gt;Lotnicze -&gt; G\u0142\u00f3wne destynacje lotnicze Raport jest dost\u0119pny w wersji tabelarycznej i sformatowanej &nbsp;<\/p>\n","protected":false},"author":5,"featured_media":0,"parent":1802,"menu_order":0,"comment_status":"open","ping_status":"open","template":"faqs.php","meta":{"generate_page_header":"","footnotes":""},"class_list":{"0":"post-2124","1":"page","2":"type-page","3":"status-publish","5":"infinite-scroll-item"},"_links":{"self":[{"href":"https:\/\/mikrosystem.pl\/index.php\/wp-json\/wp\/v2\/pages\/2124","targetHints":{"allow":["GET"]}}],"collection":[{"href":"https:\/\/mikrosystem.pl\/index.php\/wp-json\/wp\/v2\/pages"}],"about":[{"href":"https:\/\/mikrosystem.pl\/index.php\/wp-json\/wp\/v2\/types\/page"}],"author":[{"embeddable":true,"href":"https:\/\/mikrosystem.pl\/index.php\/wp-json\/wp\/v2\/users\/5"}],"replies":[{"embeddable":true,"href":"https:\/\/mikrosystem.pl\/index.php\/wp-json\/wp\/v2\/comments?post=2124"}],"version-history":[{"count":4,"href":"https:\/\/mikrosystem.pl\/index.php\/wp-json\/wp\/v2\/pages\/2124\/revisions"}],"predecessor-version":[{"id":2127,"href":"https:\/\/mikrosystem.pl\/index.php\/wp-json\/wp\/v2\/pages\/2124\/revisions\/2127"}],"up":[{"embeddable":true,"href":"https:\/\/mikrosystem.pl\/index.php\/wp-json\/wp\/v2\/pages\/1802"}],"wp:attachment":[{"href":"https:\/\/mikrosystem.pl\/index.php\/wp-json\/wp\/v2\/media?parent=2124"}],"curies":[{"name":"wp","href":"https:\/\/api.w.org\/{rel}","templated":true}]}}