{"id":2059,"date":"2015-02-18T16:26:10","date_gmt":"2015-02-18T15:26:10","guid":{"rendered":"http:\/\/mikrosystem.pl\/?page_id=2059"},"modified":"2015-02-18T16:45:38","modified_gmt":"2015-02-18T15:45:38","slug":"raport-kasowy","status":"publish","type":"page","link":"https:\/\/mikrosystem.pl\/index.php\/pomoc\/eknf-instrukcja-obslugi\/raport-kasowy","title":{"rendered":"Raport kasowy"},"content":{"rendered":"<p>&nbsp;<\/p>\n<p>1. W menu Raporty nale\u017cy wybra\u0107: Sprzeda\u017c -&gt; Raport kasowy<br \/>\n<a href=\"https:\/\/mikrosystem.pl\/wp-content\/uploads\/2015\/02\/Raport_kasowy_01.png\"><img loading=\"lazy\" decoding=\"async\" class=\" size-large wp-image-2057 aligncenter\" src=\"https:\/\/mikrosystem.pl\/wp-content\/uploads\/2015\/02\/Raport_kasowy_01-1024x575.png\" alt=\"Raport_kasowy_01\" width=\"1024\" height=\"575\" srcset=\"https:\/\/mikrosystem.pl\/mikrosystem_www\/wp-content\/uploads\/2015\/02\/Raport_kasowy_01-1024x575.png 1024w, https:\/\/mikrosystem.pl\/mikrosystem_www\/wp-content\/uploads\/2015\/02\/Raport_kasowy_01-300x168.png 300w, https:\/\/mikrosystem.pl\/mikrosystem_www\/wp-content\/uploads\/2015\/02\/Raport_kasowy_01.png 1219w\" sizes=\"auto, (max-width: 1024px) 100vw, 1024px\" \/><\/a><br \/>\n2. Okre\u015bli\u0107 Parametry ( w tym lokalizacj\u0119 &#8211; zaznaczaj\u0105c wybran\u0105 lokalizacj\u0119, a odznaczaj\u0105c pozosta\u0142e). Mo\u017cliwe jest te\u017c okre\u015blenie kasjera (podaj\u0105c w filtrze w dolnej cz\u0119\u015bci okna parametr\u00f3w 6-znakowyidentyfikator kasjera)<\/p>\n<p><a href=\"https:\/\/mikrosystem.pl\/wp-content\/uploads\/2015\/02\/Raport_kasowy_02.png\"><img loading=\"lazy\" decoding=\"async\" class=\" size-large wp-image-2058 aligncenter\" src=\"https:\/\/mikrosystem.pl\/wp-content\/uploads\/2015\/02\/Raport_kasowy_02-1024x576.png\" alt=\"Raport_kasowy_02\" width=\"1024\" height=\"576\" srcset=\"https:\/\/mikrosystem.pl\/mikrosystem_www\/wp-content\/uploads\/2015\/02\/Raport_kasowy_02-1024x576.png 1024w, https:\/\/mikrosystem.pl\/mikrosystem_www\/wp-content\/uploads\/2015\/02\/Raport_kasowy_02-300x169.png 300w, https:\/\/mikrosystem.pl\/mikrosystem_www\/wp-content\/uploads\/2015\/02\/Raport_kasowy_02.png 1219w\" sizes=\"auto, (max-width: 1024px) 100vw, 1024px\" \/><\/a><\/p>\n<p>3. Klikn\u0105\u0107 na Raport Sformatowany<\/p>\n<p><a href=\"https:\/\/mikrosystem.pl\/wp-content\/uploads\/2015\/02\/Raport_kasowy_03.png\"><img loading=\"lazy\" decoding=\"async\" class=\" size-large wp-image-2056 aligncenter\" src=\"https:\/\/mikrosystem.pl\/wp-content\/uploads\/2015\/02\/Raport_kasowy_03-1024x561.png\" alt=\"Raport_kasowy_03\" width=\"1024\" height=\"561\" srcset=\"https:\/\/mikrosystem.pl\/mikrosystem_www\/wp-content\/uploads\/2015\/02\/Raport_kasowy_03-1024x561.png 1024w, https:\/\/mikrosystem.pl\/mikrosystem_www\/wp-content\/uploads\/2015\/02\/Raport_kasowy_03-300x164.png 300w, https:\/\/mikrosystem.pl\/mikrosystem_www\/wp-content\/uploads\/2015\/02\/Raport_kasowy_03.png 1219w\" sizes=\"auto, (max-width: 1024px) 100vw, 1024px\" \/><\/a><\/p>\n","protected":false},"excerpt":{"rendered":"<p>&nbsp; 1. W menu Raporty nale\u017cy wybra\u0107: Sprzeda\u017c -&gt; Raport kasowy 2. Okre\u015bli\u0107 Parametry ( w tym lokalizacj\u0119 &#8211; zaznaczaj\u0105c wybran\u0105 lokalizacj\u0119, a odznaczaj\u0105c pozosta\u0142e). Mo\u017cliwe jest te\u017c okre\u015blenie kasjera (podaj\u0105c w filtrze w dolnej cz\u0119\u015bci okna parametr\u00f3w 6-znakowyidentyfikator kasjera) 3. Klikn\u0105\u0107 na Raport Sformatowany<\/p>\n","protected":false},"author":5,"featured_media":0,"parent":1802,"menu_order":0,"comment_status":"open","ping_status":"open","template":"faqs.php","meta":{"generate_page_header":"","footnotes":""},"class_list":{"0":"post-2059","1":"page","2":"type-page","3":"status-publish","5":"infinite-scroll-item"},"_links":{"self":[{"href":"https:\/\/mikrosystem.pl\/index.php\/wp-json\/wp\/v2\/pages\/2059","targetHints":{"allow":["GET"]}}],"collection":[{"href":"https:\/\/mikrosystem.pl\/index.php\/wp-json\/wp\/v2\/pages"}],"about":[{"href":"https:\/\/mikrosystem.pl\/index.php\/wp-json\/wp\/v2\/types\/page"}],"author":[{"embeddable":true,"href":"https:\/\/mikrosystem.pl\/index.php\/wp-json\/wp\/v2\/users\/5"}],"replies":[{"embeddable":true,"href":"https:\/\/mikrosystem.pl\/index.php\/wp-json\/wp\/v2\/comments?post=2059"}],"version-history":[{"count":3,"href":"https:\/\/mikrosystem.pl\/index.php\/wp-json\/wp\/v2\/pages\/2059\/revisions"}],"predecessor-version":[{"id":2061,"href":"https:\/\/mikrosystem.pl\/index.php\/wp-json\/wp\/v2\/pages\/2059\/revisions\/2061"}],"up":[{"embeddable":true,"href":"https:\/\/mikrosystem.pl\/index.php\/wp-json\/wp\/v2\/pages\/1802"}],"wp:attachment":[{"href":"https:\/\/mikrosystem.pl\/index.php\/wp-json\/wp\/v2\/media?parent=2059"}],"curies":[{"name":"wp","href":"https:\/\/api.w.org\/{rel}","templated":true}]}}