{"id":1957,"date":"2015-01-20T15:21:30","date_gmt":"2015-01-20T14:21:30","guid":{"rendered":"http:\/\/mikrosystem.pl\/?page_id=1957"},"modified":"2015-01-20T15:21:30","modified_gmt":"2015-01-20T14:21:30","slug":"platnosci-wprowadzanie-edycja-i-kontrola-zaleglych-platnosci","status":"publish","type":"page","link":"https:\/\/mikrosystem.pl\/index.php\/pomoc\/eknf-instrukcja-obslugi\/platnosci-wprowadzanie-edycja-i-kontrola-zaleglych-platnosci","title":{"rendered":"P\u0142atno\u015bci: wprowadzanie, edycja, i kontrola zaleg\u0142ych p\u0142atno\u015bci"},"content":{"rendered":"<p style=\"text-align: justify;\">W eKNF do wprowadzania, edycji, i kontroli zaleg\u0142ych p\u0142atno\u015bci s\u0142u\u017cy modu\u0142 Sprzeda\u017c, zak\u0142adka Rozliczanie faktur. Przedstawia ona dokumenty sprzeda\u017cy, wraz z informacjami o p\u0142atno\u015bciach:<br \/>\n<a href=\"https:\/\/mikrosystem.pl\/wp-content\/uploads\/2015\/01\/Platnosci-01.png\"><img loading=\"lazy\" decoding=\"async\" class=\" size-large wp-image-1952 aligncenter\" src=\"https:\/\/mikrosystem.pl\/wp-content\/uploads\/2015\/01\/Platnosci-01-1024x555.png\" alt=\"Platnosci 01\" width=\"1024\" height=\"555\" srcset=\"https:\/\/mikrosystem.pl\/mikrosystem_www\/wp-content\/uploads\/2015\/01\/Platnosci-01-1024x555.png 1024w, https:\/\/mikrosystem.pl\/mikrosystem_www\/wp-content\/uploads\/2015\/01\/Platnosci-01-300x163.png 300w, https:\/\/mikrosystem.pl\/mikrosystem_www\/wp-content\/uploads\/2015\/01\/Platnosci-01.png 1219w\" sizes=\"auto, (max-width: 1024px) 100vw, 1024px\" \/><\/a><br \/>\nAby wprowadzi\u0107 now\u0105 p\u0142atno\u015b\u0107 kliknij prawym klawiszem myszy na odpowiedni\u0105 faktur\u0119, i wybierz Dodaj p\u0142atno\u015b\u0107:<br \/>\n<a href=\"https:\/\/mikrosystem.pl\/wp-content\/uploads\/2015\/01\/Platnosci-02.png\"><img loading=\"lazy\" decoding=\"async\" class=\" size-large wp-image-1953 aligncenter\" src=\"https:\/\/mikrosystem.pl\/wp-content\/uploads\/2015\/01\/Platnosci-02-1024x550.png\" alt=\"Platnosci 02\" width=\"1024\" height=\"550\" srcset=\"https:\/\/mikrosystem.pl\/mikrosystem_www\/wp-content\/uploads\/2015\/01\/Platnosci-02-1024x550.png 1024w, https:\/\/mikrosystem.pl\/mikrosystem_www\/wp-content\/uploads\/2015\/01\/Platnosci-02-300x161.png 300w, https:\/\/mikrosystem.pl\/mikrosystem_www\/wp-content\/uploads\/2015\/01\/Platnosci-02.png 1219w\" sizes=\"auto, (max-width: 1024px) 100vw, 1024px\" \/><\/a><\/p>\n<p style=\"text-align: justify;\">Okno edycji p\u0142atno\u015bci pozwala na wprowadzenie kwoty i daty p\u0142atno\u015bci, a tak\u017ce na skorygowanie p\u0142atno\u015bci b\u0142\u0119dnie wprowadzonej.<br \/>\nWprowadzenie nowej p\u0142atno\u015bci odbywa si\u0119 poprzez wpisanie jej kwoty (pole: Kwota) i Daty wp\u0142aty, a nast\u0119pnie klikni\u0119cie na klawisz [Dodaj p\u0142atno\u015b\u0107]<br \/>\nNa poni\u017cszym przyk\u0142adzie informacja wy\u015bwietlona w dolnej cz\u0119\u015bci okna informuje, \u017ce dana faktura ma ju\u017c wprowadzon\u0105 p\u0142atno\u015b\u0107 na pe\u0142n\u0105 kwot\u0119. Czerwony krzy\u017cyk znajduj\u0105cy si\u0119 z lewej strony informacji o wprowadzonej p\u0142atno\u015bci s\u0142u\u017cy do jej usuni\u0119cia &#8211; je\u015bli zosta\u0142a wprowadzona b\u0142\u0119dnie.<br \/>\n<a href=\"https:\/\/mikrosystem.pl\/wp-content\/uploads\/2015\/01\/Platnosci-04.png\"><img loading=\"lazy\" decoding=\"async\" class=\" size-large wp-image-1955 aligncenter\" src=\"https:\/\/mikrosystem.pl\/wp-content\/uploads\/2015\/01\/Platnosci-04-1024x555.png\" alt=\"Platnosci 04\" width=\"1024\" height=\"555\" srcset=\"https:\/\/mikrosystem.pl\/mikrosystem_www\/wp-content\/uploads\/2015\/01\/Platnosci-04-1024x555.png 1024w, https:\/\/mikrosystem.pl\/mikrosystem_www\/wp-content\/uploads\/2015\/01\/Platnosci-04-300x163.png 300w, https:\/\/mikrosystem.pl\/mikrosystem_www\/wp-content\/uploads\/2015\/01\/Platnosci-04.png 1218w\" sizes=\"auto, (max-width: 1024px) 100vw, 1024px\" \/><\/a><\/p>\n<p style=\"text-align: justify;\">Modu\u0142 Rozliczenie faktur mo\u017ce te\u017c s\u0142u\u017cy\u0107 do wysy\u0142ania ponagle\u0144 p\u0142atno\u015bci zaleg\u0142ych faktur (zaznaczonych kolorem czerwonym). W celu wys\u0142ania ponaglenia p\u0142atno\u015bci dotycz\u0105cej konkretnej faktury kliknij prawym klawiszem myszy na faktur\u0119, i wybierz polecenie Panel wydruku. Wybierz tryb &#8220;Ponaglenie p\u0142atno\u015bci&#8221;(grzeczne lub stanowcze). Do ponaglenia zostanie automatycznie do\u0142\u0105czony duplikat faktury.<\/p>\n<p style=\"text-align: justify;\">eKNF zaproponuje tre\u015b\u0107 ponaglenia (tre\u015b\u0107 i tytu\u0142 ponagle\u0144 jest konfigurowalna, skontaktuj si\u0119 z nasz\u0105 pomoc\u0105 techniczn\u0105 w celu ustalenia odpowiedniej tre\u015bci wszystkich typ\u00f3w ponagle\u0144)<\/p>\n<p>Do wyboru s\u0105 dwa tryby wys\u0142ania wiadomo\u015bci: z za\u0142\u0105cznikiem lub z linkiem. Zalecamy wysy\u0142anie ponagle\u0144 z linkiem, bo klikni\u0119cie przez odbiorc\u0119 na link do duplikatu faktury zostanie wtedy odnotowane w eKNF, i b\u0119dzie widoczne (jako potwierdzenie odbioru wiadomo\u015bci) w oknie Rozlicze\u0144 faktur.<\/p>\n<p style=\"text-align: justify;\"><a href=\"https:\/\/mikrosystem.pl\/wp-content\/uploads\/2015\/01\/Platnosci-06.png\"><img loading=\"lazy\" decoding=\"async\" class=\" size-large wp-image-1951 aligncenter\" src=\"https:\/\/mikrosystem.pl\/wp-content\/uploads\/2015\/01\/Platnosci-06-1024x562.png\" alt=\"Platnosci 06\" width=\"1024\" height=\"562\" srcset=\"https:\/\/mikrosystem.pl\/mikrosystem_www\/wp-content\/uploads\/2015\/01\/Platnosci-06-1024x562.png 1024w, https:\/\/mikrosystem.pl\/mikrosystem_www\/wp-content\/uploads\/2015\/01\/Platnosci-06-300x165.png 300w, https:\/\/mikrosystem.pl\/mikrosystem_www\/wp-content\/uploads\/2015\/01\/Platnosci-06.png 1275w\" sizes=\"auto, (max-width: 1024px) 100vw, 1024px\" \/><\/a>W dolnej cz\u0119\u015bci okna do wysy\u0142ania ponagle\u0144 widoczna jest historia wcze\u015bniej wys\u0142anych ponagle\u0144 dotycz\u0105cych tego samego dokumentu.<br \/>\nPo wys\u0142aniu ponaglenia, i zamkni\u0119ciu okna, na li\u015bcie faktur widoczna b\u0119dzie informacja, \u017ce dla danego dokumentu wys\u0142ano ponaglenie (koperta z czerwonym wykrzyknikiem w kolumnie z prawej strony ekranu):<br \/>\n<a href=\"https:\/\/mikrosystem.pl\/wp-content\/uploads\/2015\/01\/Platnosci-05.png\"><img loading=\"lazy\" decoding=\"async\" class=\" size-large wp-image-1956 aligncenter\" src=\"https:\/\/mikrosystem.pl\/wp-content\/uploads\/2015\/01\/Platnosci-05-1024x487.png\" alt=\"Platnosci 05\" width=\"1024\" height=\"487\" srcset=\"https:\/\/mikrosystem.pl\/mikrosystem_www\/wp-content\/uploads\/2015\/01\/Platnosci-05-1024x487.png 1024w, https:\/\/mikrosystem.pl\/mikrosystem_www\/wp-content\/uploads\/2015\/01\/Platnosci-05-300x143.png 300w, https:\/\/mikrosystem.pl\/mikrosystem_www\/wp-content\/uploads\/2015\/01\/Platnosci-05.png 1267w\" sizes=\"auto, (max-width: 1024px) 100vw, 1024px\" \/><\/a><\/p>\n<p style=\"text-align: justify;\">\n","protected":false},"excerpt":{"rendered":"<p>W eKNF do wprowadzania, edycji, i kontroli zaleg\u0142ych p\u0142atno\u015bci s\u0142u\u017cy modu\u0142 Sprzeda\u017c, zak\u0142adka Rozliczanie faktur. Przedstawia ona dokumenty sprzeda\u017cy, wraz z informacjami o p\u0142atno\u015bciach: Aby wprowadzi\u0107 now\u0105 p\u0142atno\u015b\u0107 kliknij prawym klawiszem myszy na odpowiedni\u0105 faktur\u0119, i wybierz Dodaj p\u0142atno\u015b\u0107: Okno edycji p\u0142atno\u015bci pozwala na wprowadzenie kwoty i daty p\u0142atno\u015bci, a tak\u017ce na skorygowanie p\u0142atno\u015bci b\u0142\u0119dnie &#8230; <a title=\"P\u0142atno\u015bci: wprowadzanie, edycja, i kontrola zaleg\u0142ych p\u0142atno\u015bci\" class=\"read-more\" href=\"https:\/\/mikrosystem.pl\/index.php\/pomoc\/eknf-instrukcja-obslugi\/platnosci-wprowadzanie-edycja-i-kontrola-zaleglych-platnosci\" aria-label=\"Dowiedz si\u0119 wi\u0119cej o P\u0142atno\u015bci: wprowadzanie, edycja, i kontrola zaleg\u0142ych p\u0142atno\u015bci\">Read more<\/a><\/p>\n","protected":false},"author":5,"featured_media":0,"parent":1802,"menu_order":0,"comment_status":"open","ping_status":"open","template":"faqs.php","meta":{"generate_page_header":"","footnotes":""},"class_list":{"0":"post-1957","1":"page","2":"type-page","3":"status-publish","5":"infinite-scroll-item"},"_links":{"self":[{"href":"https:\/\/mikrosystem.pl\/index.php\/wp-json\/wp\/v2\/pages\/1957","targetHints":{"allow":["GET"]}}],"collection":[{"href":"https:\/\/mikrosystem.pl\/index.php\/wp-json\/wp\/v2\/pages"}],"about":[{"href":"https:\/\/mikrosystem.pl\/index.php\/wp-json\/wp\/v2\/types\/page"}],"author":[{"embeddable":true,"href":"https:\/\/mikrosystem.pl\/index.php\/wp-json\/wp\/v2\/users\/5"}],"replies":[{"embeddable":true,"href":"https:\/\/mikrosystem.pl\/index.php\/wp-json\/wp\/v2\/comments?post=1957"}],"version-history":[{"count":2,"href":"https:\/\/mikrosystem.pl\/index.php\/wp-json\/wp\/v2\/pages\/1957\/revisions"}],"predecessor-version":[{"id":1959,"href":"https:\/\/mikrosystem.pl\/index.php\/wp-json\/wp\/v2\/pages\/1957\/revisions\/1959"}],"up":[{"embeddable":true,"href":"https:\/\/mikrosystem.pl\/index.php\/wp-json\/wp\/v2\/pages\/1802"}],"wp:attachment":[{"href":"https:\/\/mikrosystem.pl\/index.php\/wp-json\/wp\/v2\/media?parent=1957"}],"curies":[{"name":"wp","href":"https:\/\/api.w.org\/{rel}","templated":true}]}}